{"id":73539,"date":"2022-12-01T09:30:29","date_gmt":"2022-12-01T09:30:29","guid":{"rendered":"https:\/\/logistiikkakeskus.net\/kauppa\/tuote\/hiukkassuodatin-sr-510-p3-sundstrom\/"},"modified":"2026-01-20T09:18:07","modified_gmt":"2026-01-20T07:18:07","slug":"hiukkassuodatin-sr-510-p3-sundstrom","status":"publish","type":"product","link":"https:\/\/logistiikkakeskus.net\/kauppa\/tuote\/hiukkassuodatin-sr-510-p3-sundstrom\/","title":{"rendered":"Hiukkassuodatin SR 510 P3 Sundstr\u00f6m"},"content":{"rendered":"<p>Hiukkassuodatin Sundstr\u00f6m SR 510 P3 R sopii Sundstr\u00f6min kaikkiinsuodattimella varustettuihin tuotteisiin. Esim. puoli- ja kokonaamariinsek\u00e4 SR 500 puhallinlaitteeseen. Kokonaan uudistettu rakenne, jossaeritt\u00e4in iso suodatuspinta-ala ja alhainen virtausvastus. Suojaakaikentyyppisilt\u00e4 hiukkasmaisilta ep\u00e4puhtauksilta, my\u00f6s nestepisaroilta.Suodatusteho 99,997% on yksi markkinoiden parhaista. Voidaan k\u00e4ytt\u00e4\u00e4my\u00f6s yhdess\u00e4 kaasunsuodattimen kanssa. Vastaa EN 143:2000 A1, EN12941:1998 TH3 P SL ja EN 12942:1998 TM3 P SLvaatimuksia. Myyntier\u00e4 1 kpl (5 kpl\/rasia).<\/p>\n","protected":false},"excerpt":{"rendered":"<p>Hiukkassuodatin Sundstr\u00f6m SR 510 P3 R sopii Sundstr\u00f6min kaikkiinsuodattimella varustettuihin tuotteisiin. Esim. puoli- ja kokonaamariinsek\u00e4 SR 500 puhallinlaitteeseen. Kokonaan uudistettu rakenne, jossaeritt\u00e4in iso suodatuspinta-ala ja alhainen virtausvastus. Suojaakaikentyyppisilt\u00e4 hiukkasmaisilta ep\u00e4puhtauksilta, my\u00f6s nestepisaroilta.Suodatusteho 99,997% on yksi markkinoiden parhaista. Voidaan k\u00e4ytt\u00e4\u00e4my\u00f6s yhdess\u00e4 kaasunsuodattimen kanssa. Vastaa EN 143:2000 A1, EN12941:1998 TH3 P SL ja EN 12942:1998 TM3 P [&hellip;]<\/p>\n","protected":false},"featured_media":103459,"comment_status":"open","ping_status":"closed","template":"","meta":[],"product_brand":[],"product_cat":[3399],"product_tag":[],"class_list":{"0":"post-73539","1":"product","2":"type-product","3":"status-publish","4":"has-post-thumbnail","6":"product_cat-henkilonsuojaimet-ja-tyoturvallisuus-henkilonsuojaimet-hengityssuojaimet","8":"first","9":"instock","10":"shipping-taxable","11":"purchasable","12":"product-type-simple"},"_links":{"self":[{"href":"https:\/\/logistiikkakeskus.net\/kauppa\/wp-json\/wp\/v2\/product\/73539","targetHints":{"allow":["GET"]}}],"collection":[{"href":"https:\/\/logistiikkakeskus.net\/kauppa\/wp-json\/wp\/v2\/product"}],"about":[{"href":"https:\/\/logistiikkakeskus.net\/kauppa\/wp-json\/wp\/v2\/types\/product"}],"replies":[{"embeddable":true,"href":"https:\/\/logistiikkakeskus.net\/kauppa\/wp-json\/wp\/v2\/comments?post=73539"}],"wp:featuredmedia":[{"embeddable":true,"href":"https:\/\/logistiikkakeskus.net\/kauppa\/wp-json\/wp\/v2\/media\/103459"}],"wp:attachment":[{"href":"https:\/\/logistiikkakeskus.net\/kauppa\/wp-json\/wp\/v2\/media?parent=73539"}],"wp:term":[{"taxonomy":"product_brand","embeddable":true,"href":"https:\/\/logistiikkakeskus.net\/kauppa\/wp-json\/wp\/v2\/product_brand?post=73539"},{"taxonomy":"product_cat","embeddable":true,"href":"https:\/\/logistiikkakeskus.net\/kauppa\/wp-json\/wp\/v2\/product_cat?post=73539"},{"taxonomy":"product_tag","embeddable":true,"href":"https:\/\/logistiikkakeskus.net\/kauppa\/wp-json\/wp\/v2\/product_tag?post=73539"}],"curies":[{"name":"wp","href":"https:\/\/api.w.org\/{rel}","templated":true}]}}