{"id":73533,"date":"2022-12-01T09:30:27","date_gmt":"2022-12-01T09:30:27","guid":{"rendered":"https:\/\/logistiikkakeskus.net\/kauppa\/tuote\/yhdistelmasuodatin-abek2-p3-proflow\/"},"modified":"2025-10-15T10:18:40","modified_gmt":"2025-10-15T07:18:40","slug":"yhdistelmasuodatin-abek2-p3-proflow","status":"publish","type":"product","link":"https:\/\/logistiikkakeskus.net\/kauppa\/tuote\/yhdistelmasuodatin-abek2-p3-proflow\/","title":{"rendered":"X Yhdistelm\u00e4suodatin ABEK2-P3 Proflow"},"content":{"rendered":"<p>YHDISTELM\u00c4SUODATIN CF32 ABEK2P3 PRO2000 5042799 SCOTT kokonaamarille jaScottin puhallinlaitteille Duraflow ja Proflow. Scott CF32 A2B2E2K2P3PSL R yhdistetty kaasu- ja hiukkassuodatin suojaa k\u00e4ytt\u00e4j\u00e4\u00e4 mm.orgaanisilta kaasuilta sek\u00e4 h\u00f6yry-yhdisteilt\u00e4, joiden kiehumispiste onyli 65 \u00b0C, happamilta kaasuilta ja h\u00f6yryilt\u00e4, ammoniakilta, kiinteilt\u00e4-ja nestem\u00e4isilt\u00e4 vaarallisilta hiukkasilta, radioaktiivisiltahiukkasilta, entsyymeilt\u00e4 sek\u00e4 mikro-organismeilta (esim. bakteerit,virukset, sieni- ja homeiti\u00f6t). Hiukkassuodattimen suojauskerroinpuolinaamarilla 30 x HTP, kokonaamarilla 400 x HTP. Kaasunsuodatinluokka 2: Antaa riitt\u00e4v\u00e4n suojan naamareilla kun haitallisen aineenpitoisuus korkeintaan 5000 ppm (EN14387:2004). Hakusanat:moottorimaski, puhallinsuojain.<\/p>\n","protected":false},"excerpt":{"rendered":"<p>YHDISTELM\u00c4SUODATIN CF32 ABEK2P3 PRO2000 5042799 SCOTT kokonaamarille jaScottin puhallinlaitteille Duraflow ja Proflow. Scott CF32 A2B2E2K2P3PSL R yhdistetty kaasu- ja hiukkassuodatin suojaa k\u00e4ytt\u00e4j\u00e4\u00e4 mm.orgaanisilta kaasuilta sek\u00e4 h\u00f6yry-yhdisteilt\u00e4, joiden kiehumispiste onyli 65 \u00b0C, happamilta kaasuilta ja h\u00f6yryilt\u00e4, ammoniakilta, kiinteilt\u00e4-ja nestem\u00e4isilt\u00e4 vaarallisilta hiukkasilta, radioaktiivisiltahiukkasilta, entsyymeilt\u00e4 sek\u00e4 mikro-organismeilta (esim. bakteerit,virukset, sieni- ja homeiti\u00f6t). Hiukkassuodattimen suojauskerroinpuolinaamarilla 30 x HTP, kokonaamarilla [&hellip;]<\/p>\n","protected":false},"featured_media":0,"comment_status":"open","ping_status":"closed","template":"","meta":[],"product_brand":[],"product_cat":[3399],"product_tag":[],"class_list":{"0":"post-73533","1":"product","2":"type-product","3":"status-publish","5":"product_cat-henkilonsuojaimet-ja-tyoturvallisuus-henkilonsuojaimet-hengityssuojaimet","7":"first","8":"instock","9":"shipping-taxable","10":"purchasable","11":"product-type-simple"},"_links":{"self":[{"href":"https:\/\/logistiikkakeskus.net\/kauppa\/wp-json\/wp\/v2\/product\/73533","targetHints":{"allow":["GET"]}}],"collection":[{"href":"https:\/\/logistiikkakeskus.net\/kauppa\/wp-json\/wp\/v2\/product"}],"about":[{"href":"https:\/\/logistiikkakeskus.net\/kauppa\/wp-json\/wp\/v2\/types\/product"}],"replies":[{"embeddable":true,"href":"https:\/\/logistiikkakeskus.net\/kauppa\/wp-json\/wp\/v2\/comments?post=73533"}],"wp:attachment":[{"href":"https:\/\/logistiikkakeskus.net\/kauppa\/wp-json\/wp\/v2\/media?parent=73533"}],"wp:term":[{"taxonomy":"product_brand","embeddable":true,"href":"https:\/\/logistiikkakeskus.net\/kauppa\/wp-json\/wp\/v2\/product_brand?post=73533"},{"taxonomy":"product_cat","embeddable":true,"href":"https:\/\/logistiikkakeskus.net\/kauppa\/wp-json\/wp\/v2\/product_cat?post=73533"},{"taxonomy":"product_tag","embeddable":true,"href":"https:\/\/logistiikkakeskus.net\/kauppa\/wp-json\/wp\/v2\/product_tag?post=73533"}],"curies":[{"name":"wp","href":"https:\/\/api.w.org\/{rel}","templated":true}]}}