{"id":73470,"date":"2022-12-01T09:30:07","date_gmt":"2022-12-01T09:30:07","guid":{"rendered":"https:\/\/logistiikkakeskus.net\/kauppa\/tuote\/villapohjalliset-kuoma-36\/"},"modified":"2026-01-20T09:18:05","modified_gmt":"2026-01-20T07:18:05","slug":"villapohjalliset-kuoma-36","status":"publish","type":"product","link":"https:\/\/logistiikkakeskus.net\/kauppa\/tuote\/villapohjalliset-kuoma-36\/","title":{"rendered":"Villapohjalliset Kuoma 36"},"content":{"rendered":"<p>Kuoma villapohjalliset aidosta villasta valmistetutkotimaiset Kuoma villapohjalliset pit\u00e4v\u00e4t jalkasil\u00e4mpim\u00e4n\u00e4 ja kuivanakovillakin pakkasilla.Myyntier\u00e4: 1 priPaketissa: 10 pria<\/p>\n","protected":false},"excerpt":{"rendered":"<p>Kuoma villapohjalliset aidosta villasta valmistetutkotimaiset Kuoma villapohjalliset pit\u00e4v\u00e4t jalkasil\u00e4mpim\u00e4n\u00e4 ja kuivanakovillakin pakkasilla.Myyntier\u00e4: 1 priPaketissa: 10 pria<\/p>\n","protected":false},"featured_media":103431,"comment_status":"open","ping_status":"closed","template":"","meta":[],"product_brand":[],"product_cat":[3391],"product_tag":[],"class_list":{"0":"post-73470","1":"product","2":"type-product","3":"status-publish","4":"has-post-thumbnail","6":"product_cat-vaatteet-jalkineet-pohjalliset-ja-syylinkit","8":"first","9":"instock","10":"shipping-taxable","11":"purchasable","12":"product-type-simple"},"_links":{"self":[{"href":"https:\/\/logistiikkakeskus.net\/kauppa\/wp-json\/wp\/v2\/product\/73470","targetHints":{"allow":["GET"]}}],"collection":[{"href":"https:\/\/logistiikkakeskus.net\/kauppa\/wp-json\/wp\/v2\/product"}],"about":[{"href":"https:\/\/logistiikkakeskus.net\/kauppa\/wp-json\/wp\/v2\/types\/product"}],"replies":[{"embeddable":true,"href":"https:\/\/logistiikkakeskus.net\/kauppa\/wp-json\/wp\/v2\/comments?post=73470"}],"wp:featuredmedia":[{"embeddable":true,"href":"https:\/\/logistiikkakeskus.net\/kauppa\/wp-json\/wp\/v2\/media\/103431"}],"wp:attachment":[{"href":"https:\/\/logistiikkakeskus.net\/kauppa\/wp-json\/wp\/v2\/media?parent=73470"}],"wp:term":[{"taxonomy":"product_brand","embeddable":true,"href":"https:\/\/logistiikkakeskus.net\/kauppa\/wp-json\/wp\/v2\/product_brand?post=73470"},{"taxonomy":"product_cat","embeddable":true,"href":"https:\/\/logistiikkakeskus.net\/kauppa\/wp-json\/wp\/v2\/product_cat?post=73470"},{"taxonomy":"product_tag","embeddable":true,"href":"https:\/\/logistiikkakeskus.net\/kauppa\/wp-json\/wp\/v2\/product_tag?post=73470"}],"curies":[{"name":"wp","href":"https:\/\/api.w.org\/{rel}","templated":true}]}}