{"id":73418,"date":"2022-12-01T09:29:49","date_gmt":"2022-12-01T09:29:49","guid":{"rendered":"https:\/\/logistiikkakeskus.net\/kauppa\/tuote\/teboil-niveltappirasva-universal-m-420ml\/"},"modified":"2026-01-20T09:18:03","modified_gmt":"2026-01-20T07:18:03","slug":"teboil-niveltappirasva-universal-m-420ml","status":"publish","type":"product","link":"https:\/\/logistiikkakeskus.net\/kauppa\/tuote\/teboil-niveltappirasva-universal-m-420ml\/","title":{"rendered":"Total Ceran XM 220 Niveltappirasva 400ml"},"content":{"rendered":"<p>Yleisk\u00e4ytt\u00f6inen, vedenkest\u00e4v\u00e4 paineenkestorasva.Soveltuu jatkuvan valun ja valssauskoneiden voiteluun ter\u00e4stehtaissasek\u00e4 laakereiden voiteluun paperitehtaiden m\u00e4riss\u00e4 ja kuivissa(huovanjohtotelat) osissa.Vaativat teollisuusolosuhteet (raskas kuormitus, p\u00f6ly, vesi, korkeatl\u00e4mp\u00f6tilat jne.)Kalsiumsulfonaattikompleksisaippuan ansiosta CERAN XM 220 voiteleelaakerit hyvin my\u00f6s suurissa py\u00f6rimisnopeuksi.Erinomaiset hapettumisenesto- ja korroosionesto-ominaisuudetkalsiumsulfonaattien ansiosta, my\u00f6s merivedelle altistettunaHakusana: vaseliinipatruuna, niveltappirasva, universal<\/p>\n","protected":false},"excerpt":{"rendered":"<p>Yleisk\u00e4ytt\u00f6inen, vedenkest\u00e4v\u00e4 paineenkestorasva.Soveltuu jatkuvan valun ja valssauskoneiden voiteluun ter\u00e4stehtaissasek\u00e4 laakereiden voiteluun paperitehtaiden m\u00e4riss\u00e4 ja kuivissa(huovanjohtotelat) osissa.Vaativat teollisuusolosuhteet (raskas kuormitus, p\u00f6ly, vesi, korkeatl\u00e4mp\u00f6tilat jne.)Kalsiumsulfonaattikompleksisaippuan ansiosta CERAN XM 220 voiteleelaakerit hyvin my\u00f6s suurissa py\u00f6rimisnopeuksi.Erinomaiset hapettumisenesto- ja korroosionesto-ominaisuudetkalsiumsulfonaattien ansiosta, my\u00f6s merivedelle altistettunaHakusana: vaseliinipatruuna, niveltappirasva, universal<\/p>\n","protected":false},"featured_media":103410,"comment_status":"open","ping_status":"closed","template":"","meta":[],"product_brand":[],"product_cat":[3409],"product_tag":[],"class_list":{"0":"post-73418","1":"product","2":"type-product","3":"status-publish","4":"has-post-thumbnail","6":"product_cat-kemikaalit-poltto-ja-voiteluaineet-vaseliinit","8":"first","9":"instock","10":"shipping-taxable","11":"purchasable","12":"product-type-simple"},"_links":{"self":[{"href":"https:\/\/logistiikkakeskus.net\/kauppa\/wp-json\/wp\/v2\/product\/73418","targetHints":{"allow":["GET"]}}],"collection":[{"href":"https:\/\/logistiikkakeskus.net\/kauppa\/wp-json\/wp\/v2\/product"}],"about":[{"href":"https:\/\/logistiikkakeskus.net\/kauppa\/wp-json\/wp\/v2\/types\/product"}],"replies":[{"embeddable":true,"href":"https:\/\/logistiikkakeskus.net\/kauppa\/wp-json\/wp\/v2\/comments?post=73418"}],"wp:featuredmedia":[{"embeddable":true,"href":"https:\/\/logistiikkakeskus.net\/kauppa\/wp-json\/wp\/v2\/media\/103410"}],"wp:attachment":[{"href":"https:\/\/logistiikkakeskus.net\/kauppa\/wp-json\/wp\/v2\/media?parent=73418"}],"wp:term":[{"taxonomy":"product_brand","embeddable":true,"href":"https:\/\/logistiikkakeskus.net\/kauppa\/wp-json\/wp\/v2\/product_brand?post=73418"},{"taxonomy":"product_cat","embeddable":true,"href":"https:\/\/logistiikkakeskus.net\/kauppa\/wp-json\/wp\/v2\/product_cat?post=73418"},{"taxonomy":"product_tag","embeddable":true,"href":"https:\/\/logistiikkakeskus.net\/kauppa\/wp-json\/wp\/v2\/product_tag?post=73418"}],"curies":[{"name":"wp","href":"https:\/\/api.w.org\/{rel}","templated":true}]}}