{"id":73171,"date":"2022-12-01T09:28:25","date_gmt":"2022-12-01T09:28:25","guid":{"rendered":"https:\/\/logistiikkakeskus.net\/kauppa\/tuote\/puutarhan-pistolapio-fiskars-xact-l\/"},"modified":"2025-03-25T14:41:38","modified_gmt":"2025-03-25T12:41:38","slug":"puutarhan-pistolapio-fiskars-xact-l","status":"publish","type":"product","link":"https:\/\/logistiikkakeskus.net\/kauppa\/tuote\/puutarhan-pistolapio-fiskars-xact-l\/","title":{"rendered":"Puutarhan pistolapio Fiskars Xact L"},"content":{"rendered":"<p>TILAUSTUOTE.TUOTTEELLA NORMAALIA PIDEMPI TOIMITUSAIKA.Puutarhan pistolapio Fiskars Xact LPistolapio erityisesti kaivamiseen kovassa ja kivisess\u00e4 maaper\u00e4ss\u00e4.Lapiossa on suippok\u00e4rkinen ja teroitettu ter\u00e4, jossa on porrastettureuna joka ty\u00f6ntyy helposti maaper\u00e4n kerrosten ja juurien l\u00e4pi.Pitk\u00e4 varsi, k\u00e4ytt\u00e4jille, joiden pituus on yli 175 cm.Paino : 1900 gPituus : 1200 mmLeveys : 190 mm<\/p>\n","protected":false},"excerpt":{"rendered":"<p>TILAUSTUOTE.TUOTTEELLA NORMAALIA PIDEMPI TOIMITUSAIKA.Puutarhan pistolapio Fiskars Xact LPistolapio erityisesti kaivamiseen kovassa ja kivisess\u00e4 maaper\u00e4ss\u00e4.Lapiossa on suippok\u00e4rkinen ja teroitettu ter\u00e4, jossa on porrastettureuna joka ty\u00f6ntyy helposti maaper\u00e4n kerrosten ja juurien l\u00e4pi.Pitk\u00e4 varsi, k\u00e4ytt\u00e4jille, joiden pituus on yli 175 cm.Paino : 1900 gPituus : 1200 mmLeveys : 190 mm<\/p>\n","protected":false},"featured_media":0,"comment_status":"open","ping_status":"closed","template":"","meta":[],"product_brand":[],"product_cat":[3394],"product_tag":[],"class_list":{"0":"post-73171","1":"product","2":"type-product","3":"status-publish","5":"product_cat-tyokalut-puutarhatyokalut-lapiot-kuokat-ja-talikot","7":"first","8":"instock","9":"shipping-taxable","10":"purchasable","11":"product-type-simple"},"_links":{"self":[{"href":"https:\/\/logistiikkakeskus.net\/kauppa\/wp-json\/wp\/v2\/product\/73171","targetHints":{"allow":["GET"]}}],"collection":[{"href":"https:\/\/logistiikkakeskus.net\/kauppa\/wp-json\/wp\/v2\/product"}],"about":[{"href":"https:\/\/logistiikkakeskus.net\/kauppa\/wp-json\/wp\/v2\/types\/product"}],"replies":[{"embeddable":true,"href":"https:\/\/logistiikkakeskus.net\/kauppa\/wp-json\/wp\/v2\/comments?post=73171"}],"wp:attachment":[{"href":"https:\/\/logistiikkakeskus.net\/kauppa\/wp-json\/wp\/v2\/media?parent=73171"}],"wp:term":[{"taxonomy":"product_brand","embeddable":true,"href":"https:\/\/logistiikkakeskus.net\/kauppa\/wp-json\/wp\/v2\/product_brand?post=73171"},{"taxonomy":"product_cat","embeddable":true,"href":"https:\/\/logistiikkakeskus.net\/kauppa\/wp-json\/wp\/v2\/product_cat?post=73171"},{"taxonomy":"product_tag","embeddable":true,"href":"https:\/\/logistiikkakeskus.net\/kauppa\/wp-json\/wp\/v2\/product_tag?post=73171"}],"curies":[{"name":"wp","href":"https:\/\/api.w.org\/{rel}","templated":true}]}}