{"id":72685,"date":"2022-12-01T09:25:01","date_gmt":"2022-12-01T09:25:01","guid":{"rendered":"https:\/\/logistiikkakeskus.net\/kauppa\/tuote\/sadetakki-huomio-lyngsoe-pitka-xs\/"},"modified":"2026-01-20T09:17:35","modified_gmt":"2026-01-20T07:17:35","slug":"sadetakki-huomio-lyngsoe-pitka-xs","status":"publish","type":"product","link":"https:\/\/logistiikkakeskus.net\/kauppa\/tuote\/sadetakki-huomio-lyngsoe-pitka-xs\/","title":{"rendered":"Sadetakki huomio Lyngsoe pitk\u00e4 XS"},"content":{"rendered":"<p>Sadetakki huomio Lyngoe pitk\u00e4Sadetakin pituus 135 cmKiinte\u00e4 huppu jossa nauhaPainonappi ja kaksi l\u00e4p\u00e4llist\u00e4 etutaskuaTuulen ja vedenpit\u00e4v\u00e4V\u00e4ri: huomiokeltainen\/heijastimet, helma sininen<\/p>\n","protected":false},"excerpt":{"rendered":"<p>Sadetakki huomio Lyngoe pitk\u00e4Sadetakin pituus 135 cmKiinte\u00e4 huppu jossa nauhaPainonappi ja kaksi l\u00e4p\u00e4llist\u00e4 etutaskuaTuulen ja vedenpit\u00e4v\u00e4V\u00e4ri: huomiokeltainen\/heijastimet, helma sininen<\/p>\n","protected":false},"featured_media":103175,"comment_status":"open","ping_status":"closed","template":"","meta":[],"product_brand":[],"product_cat":[3410],"product_tag":[],"class_list":{"0":"post-72685","1":"product","2":"type-product","3":"status-publish","4":"has-post-thumbnail","6":"product_cat-vaatteet-tyovaatteet-stara-sadevaatteet","8":"first","9":"instock","10":"shipping-taxable","11":"purchasable","12":"product-type-simple"},"_links":{"self":[{"href":"https:\/\/logistiikkakeskus.net\/kauppa\/wp-json\/wp\/v2\/product\/72685","targetHints":{"allow":["GET"]}}],"collection":[{"href":"https:\/\/logistiikkakeskus.net\/kauppa\/wp-json\/wp\/v2\/product"}],"about":[{"href":"https:\/\/logistiikkakeskus.net\/kauppa\/wp-json\/wp\/v2\/types\/product"}],"replies":[{"embeddable":true,"href":"https:\/\/logistiikkakeskus.net\/kauppa\/wp-json\/wp\/v2\/comments?post=72685"}],"wp:featuredmedia":[{"embeddable":true,"href":"https:\/\/logistiikkakeskus.net\/kauppa\/wp-json\/wp\/v2\/media\/103175"}],"wp:attachment":[{"href":"https:\/\/logistiikkakeskus.net\/kauppa\/wp-json\/wp\/v2\/media?parent=72685"}],"wp:term":[{"taxonomy":"product_brand","embeddable":true,"href":"https:\/\/logistiikkakeskus.net\/kauppa\/wp-json\/wp\/v2\/product_brand?post=72685"},{"taxonomy":"product_cat","embeddable":true,"href":"https:\/\/logistiikkakeskus.net\/kauppa\/wp-json\/wp\/v2\/product_cat?post=72685"},{"taxonomy":"product_tag","embeddable":true,"href":"https:\/\/logistiikkakeskus.net\/kauppa\/wp-json\/wp\/v2\/product_tag?post=72685"}],"curies":[{"name":"wp","href":"https:\/\/api.w.org\/{rel}","templated":true}]}}