{"id":72638,"date":"2022-12-01T09:24:46","date_gmt":"2022-12-01T09:24:46","guid":{"rendered":"https:\/\/logistiikkakeskus.net\/kauppa\/tuote\/kevytpeite-prof-6x10m-n-130gm2-vihrea\/"},"modified":"2026-01-20T09:17:34","modified_gmt":"2026-01-20T07:17:34","slug":"kevytpeite-prof-6x10m-n-130gm2-vihrea","status":"publish","type":"product","link":"https:\/\/logistiikkakeskus.net\/kauppa\/tuote\/kevytpeite-prof-6x10m-n-130gm2-vihrea\/","title":{"rendered":"Kevytpeite Prof 6x10m n. 130g\/m2 vihre\u00e4"},"content":{"rendered":"<p>Kevyeen suojaamiseen esim. s\u00e4\u00e4t\u00e4 vastaan. Peitteen kiinnityst\u00e4helpottavat purjerenkaat.hakusana: pressu<\/p>\n","protected":false},"excerpt":{"rendered":"<p>Kevyeen suojaamiseen esim. s\u00e4\u00e4t\u00e4 vastaan. Peitteen kiinnityst\u00e4helpottavat purjerenkaat.hakusana: pressu<\/p>\n","protected":false},"featured_media":103154,"comment_status":"open","ping_status":"closed","template":"","meta":[],"product_brand":[],"product_cat":[3356],"product_tag":[],"class_list":{"0":"post-72638","1":"product","2":"type-product","3":"status-publish","4":"has-post-thumbnail","6":"product_cat-rakennustarvikkeet-pienrauta-ja-kiiinnikkeet-rak-paperit-ja-muovit","8":"first","9":"instock","10":"shipping-taxable","11":"purchasable","12":"product-type-simple"},"_links":{"self":[{"href":"https:\/\/logistiikkakeskus.net\/kauppa\/wp-json\/wp\/v2\/product\/72638","targetHints":{"allow":["GET"]}}],"collection":[{"href":"https:\/\/logistiikkakeskus.net\/kauppa\/wp-json\/wp\/v2\/product"}],"about":[{"href":"https:\/\/logistiikkakeskus.net\/kauppa\/wp-json\/wp\/v2\/types\/product"}],"replies":[{"embeddable":true,"href":"https:\/\/logistiikkakeskus.net\/kauppa\/wp-json\/wp\/v2\/comments?post=72638"}],"wp:featuredmedia":[{"embeddable":true,"href":"https:\/\/logistiikkakeskus.net\/kauppa\/wp-json\/wp\/v2\/media\/103154"}],"wp:attachment":[{"href":"https:\/\/logistiikkakeskus.net\/kauppa\/wp-json\/wp\/v2\/media?parent=72638"}],"wp:term":[{"taxonomy":"product_brand","embeddable":true,"href":"https:\/\/logistiikkakeskus.net\/kauppa\/wp-json\/wp\/v2\/product_brand?post=72638"},{"taxonomy":"product_cat","embeddable":true,"href":"https:\/\/logistiikkakeskus.net\/kauppa\/wp-json\/wp\/v2\/product_cat?post=72638"},{"taxonomy":"product_tag","embeddable":true,"href":"https:\/\/logistiikkakeskus.net\/kauppa\/wp-json\/wp\/v2\/product_tag?post=72638"}],"curies":[{"name":"wp","href":"https:\/\/api.w.org\/{rel}","templated":true}]}}