{"id":72368,"date":"2022-12-01T09:23:06","date_gmt":"2022-12-01T09:23:06","guid":{"rendered":"https:\/\/logistiikkakeskus.net\/kauppa\/tuote\/suojalasin-puhdistusaine-cleanair-100-ml\/"},"modified":"2026-01-20T09:17:18","modified_gmt":"2026-01-20T07:17:18","slug":"suojalasin-puhdistusaine-cleanair-100-ml","status":"publish","type":"product","link":"https:\/\/logistiikkakeskus.net\/kauppa\/tuote\/suojalasin-puhdistusaine-cleanair-100-ml\/","title":{"rendered":"Suojalasin puhdistusaine CleanAir 100 ml"},"content":{"rendered":"<h2>CleanAIR Klar-pilot Fluid Super Plus, 100 ml<\/h2>\n<p>CleanAIR Klar-pilot puhdistusneste auttaa pit\u00e4m\u00e4\u00e4n huoltakaikistaCleanAIR-visiireist\u00e4. Puhdistusnestett\u00e4 on turvallista k\u00e4ytt\u00e4\u00e4 kaikillesilm\u00e4- ja suojalaseille, maskeille, visiireille sek\u00e4 kaikelle lasistatai muovista valmistetulle optiikalle. Puhdistaa, antaa suojanhuurtumiselle sek\u00e4 luo antistaattisen pinnan. Riittoisa paketti, vaikkataukohuoneeseen yhteiseen k\u00e4ytt\u00f6\u00f6n.<\/p>\n<p><i>hakusanat: suojalasit, ty\u00f6lasit, silm\u00e4lasit<\/i><\/p>\n","protected":false},"excerpt":{"rendered":"<p>CleanAIR Klar-pilot Fluid Super Plus, 100 ml CleanAIR Klar-pilot puhdistusneste auttaa pit\u00e4m\u00e4\u00e4n huoltakaikistaCleanAIR-visiireist\u00e4. Puhdistusnestett\u00e4 on turvallista k\u00e4ytt\u00e4\u00e4 kaikillesilm\u00e4- ja suojalaseille, maskeille, visiireille sek\u00e4 kaikelle lasistatai muovista valmistetulle optiikalle. Puhdistaa, antaa suojanhuurtumiselle sek\u00e4 luo antistaattisen pinnan. Riittoisa paketti, vaikkataukohuoneeseen yhteiseen k\u00e4ytt\u00f6\u00f6n. hakusanat: suojalasit, ty\u00f6lasit, silm\u00e4lasit<\/p>\n","protected":false},"featured_media":103003,"comment_status":"open","ping_status":"closed","template":"","meta":[],"product_brand":[],"product_cat":[3374],"product_tag":[],"class_list":{"0":"post-72368","1":"product","2":"type-product","3":"status-publish","4":"has-post-thumbnail","6":"product_cat-henkilonsuojaimet-ja-tyoturvallisuus-henkilonsuojaimet-suojalasit-ja-kasvosuojaimet","8":"first","9":"instock","10":"shipping-taxable","11":"purchasable","12":"product-type-simple"},"_links":{"self":[{"href":"https:\/\/logistiikkakeskus.net\/kauppa\/wp-json\/wp\/v2\/product\/72368","targetHints":{"allow":["GET"]}}],"collection":[{"href":"https:\/\/logistiikkakeskus.net\/kauppa\/wp-json\/wp\/v2\/product"}],"about":[{"href":"https:\/\/logistiikkakeskus.net\/kauppa\/wp-json\/wp\/v2\/types\/product"}],"replies":[{"embeddable":true,"href":"https:\/\/logistiikkakeskus.net\/kauppa\/wp-json\/wp\/v2\/comments?post=72368"}],"wp:featuredmedia":[{"embeddable":true,"href":"https:\/\/logistiikkakeskus.net\/kauppa\/wp-json\/wp\/v2\/media\/103003"}],"wp:attachment":[{"href":"https:\/\/logistiikkakeskus.net\/kauppa\/wp-json\/wp\/v2\/media?parent=72368"}],"wp:term":[{"taxonomy":"product_brand","embeddable":true,"href":"https:\/\/logistiikkakeskus.net\/kauppa\/wp-json\/wp\/v2\/product_brand?post=72368"},{"taxonomy":"product_cat","embeddable":true,"href":"https:\/\/logistiikkakeskus.net\/kauppa\/wp-json\/wp\/v2\/product_cat?post=72368"},{"taxonomy":"product_tag","embeddable":true,"href":"https:\/\/logistiikkakeskus.net\/kauppa\/wp-json\/wp\/v2\/product_tag?post=72368"}],"curies":[{"name":"wp","href":"https:\/\/api.w.org\/{rel}","templated":true}]}}