{"id":72366,"date":"2022-12-01T09:23:05","date_gmt":"2022-12-01T09:23:05","guid":{"rendered":"https:\/\/logistiikkakeskus.net\/kauppa\/tuote\/suojalasinauha-zekler\/"},"modified":"2025-03-25T14:40:48","modified_gmt":"2025-03-25T12:40:48","slug":"suojalasinauha-zekler","status":"publish","type":"product","link":"https:\/\/logistiikkakeskus.net\/kauppa\/tuote\/suojalasinauha-zekler\/","title":{"rendered":"Suojalasinauha Zekler"},"content":{"rendered":"<h2>Suojalasinauha Zekler<\/h2>\n<ul>\n<li>S\u00e4\u00e4dett\u00e4v\u00e4 nauha\n<li>Sopii kaikkiin Zekler-malleihin<\/ul>\n<p><i>hakusanat: suojalasit, ty\u00f6lasit, silm\u00e4lasit<\/i><\/p>\n","protected":false},"excerpt":{"rendered":"<p>Suojalasinauha Zekler S\u00e4\u00e4dett\u00e4v\u00e4 nauha Sopii kaikkiin Zekler-malleihin hakusanat: suojalasit, ty\u00f6lasit, silm\u00e4lasit<\/p>\n","protected":false},"featured_media":0,"comment_status":"open","ping_status":"closed","template":"","meta":[],"product_brand":[],"product_cat":[3374],"product_tag":[],"class_list":{"0":"post-72366","1":"product","2":"type-product","3":"status-publish","5":"product_cat-henkilonsuojaimet-ja-tyoturvallisuus-henkilonsuojaimet-suojalasit-ja-kasvosuojaimet","7":"first","8":"instock","9":"shipping-taxable","10":"purchasable","11":"product-type-simple"},"_links":{"self":[{"href":"https:\/\/logistiikkakeskus.net\/kauppa\/wp-json\/wp\/v2\/product\/72366","targetHints":{"allow":["GET"]}}],"collection":[{"href":"https:\/\/logistiikkakeskus.net\/kauppa\/wp-json\/wp\/v2\/product"}],"about":[{"href":"https:\/\/logistiikkakeskus.net\/kauppa\/wp-json\/wp\/v2\/types\/product"}],"replies":[{"embeddable":true,"href":"https:\/\/logistiikkakeskus.net\/kauppa\/wp-json\/wp\/v2\/comments?post=72366"}],"wp:attachment":[{"href":"https:\/\/logistiikkakeskus.net\/kauppa\/wp-json\/wp\/v2\/media?parent=72366"}],"wp:term":[{"taxonomy":"product_brand","embeddable":true,"href":"https:\/\/logistiikkakeskus.net\/kauppa\/wp-json\/wp\/v2\/product_brand?post=72366"},{"taxonomy":"product_cat","embeddable":true,"href":"https:\/\/logistiikkakeskus.net\/kauppa\/wp-json\/wp\/v2\/product_cat?post=72366"},{"taxonomy":"product_tag","embeddable":true,"href":"https:\/\/logistiikkakeskus.net\/kauppa\/wp-json\/wp\/v2\/product_tag?post=72366"}],"curies":[{"name":"wp","href":"https:\/\/api.w.org\/{rel}","templated":true}]}}