{"id":72121,"date":"2022-12-01T09:21:48","date_gmt":"2022-12-01T09:21:48","guid":{"rendered":"https:\/\/logistiikkakeskus.net\/kauppa\/tuote\/radiokuulonsuojain-kyp-zekler-412rh\/"},"modified":"2026-01-20T09:17:11","modified_gmt":"2026-01-20T07:17:11","slug":"radiokuulonsuojain-kyp-zekler-412rh","status":"publish","type":"product","link":"https:\/\/logistiikkakeskus.net\/kauppa\/tuote\/radiokuulonsuojain-kyp-zekler-412rh\/","title":{"rendered":"X Radiokuulonsuojain kyp Zekler 412RH"},"content":{"rendered":"<p>Radiokuulonsuojain kyp\u00e4r\u00e4\u00e4n  Kupukuulonsuojain Zekler 412RHMukava kyp\u00e4r\u00e4\u00e4n asennettava kupukuulonsuojain, jossa sis\u00e4\u00e4nrakennettuFM-stereoradio. Mahdollistaa radion kuuntelun muita h\u00e4iritsem\u00e4tt\u00e4.Suojain parantaa viihtyvyytt\u00e4 ja lis\u00e4\u00e4 siten sen k\u00e4ytt\u00f6halukkuutta.Vaimentaa hyvin korkeat, matalat ja keskitaajuudet. Haarukkatyyppinenasennus ja leve\u00e4t tiivisterenkaat pit\u00e4v\u00e4t sangan paineen tasaisena japarantavat k\u00e4ytt\u00f6mukavuutta. Kyp\u00e4r\u00e4adapterissa on valmius Zeklerinvisiirij\u00e4rjestelm\u00e4n asentamiseen.Vaimennustaso: Level 2.FM-stereoradio 88 &#8211; 108 mHz \u00e4\u00e4nitason rajoituksella (80dB(A)).3,5 mm tuloliit\u00e4nt\u00e4.Kaapeli 2&#215;3,5mm stereoliittimell\u00e4 sis\u00e4ltyy.2 x 1,5V AA-paristoa &#8211; k\u00e4ytt\u00f6aika n. 130 tuntia.Asennetaan suojakyp\u00e4r\u00e4\u00e4n.Kiinnikkeess\u00e4 valmius Zekler-visiirij\u00e4rjestelm\u00e4n asentamiseen. Leve\u00e4t,mukavat ja helposti vaihdettavat tiivisterenkaat.hakusanat: kuulonsuojain, kuulonsuojaus, korvatulppa, kuulosuojain<\/p>\n","protected":false},"excerpt":{"rendered":"<p>Radiokuulonsuojain kyp\u00e4r\u00e4\u00e4n Kupukuulonsuojain Zekler 412RHMukava kyp\u00e4r\u00e4\u00e4n asennettava kupukuulonsuojain, jossa sis\u00e4\u00e4nrakennettuFM-stereoradio. Mahdollistaa radion kuuntelun muita h\u00e4iritsem\u00e4tt\u00e4.Suojain parantaa viihtyvyytt\u00e4 ja lis\u00e4\u00e4 siten sen k\u00e4ytt\u00f6halukkuutta.Vaimentaa hyvin korkeat, matalat ja keskitaajuudet. Haarukkatyyppinenasennus ja leve\u00e4t tiivisterenkaat pit\u00e4v\u00e4t sangan paineen tasaisena japarantavat k\u00e4ytt\u00f6mukavuutta. Kyp\u00e4r\u00e4adapterissa on valmius Zeklerinvisiirij\u00e4rjestelm\u00e4n asentamiseen.Vaimennustaso: Level 2.FM-stereoradio 88 &#8211; 108 mHz \u00e4\u00e4nitason rajoituksella (80dB(A)).3,5 mm tuloliit\u00e4nt\u00e4.Kaapeli 2&#215;3,5mm stereoliittimell\u00e4 [&hellip;]<\/p>\n","protected":false},"featured_media":0,"comment_status":"open","ping_status":"closed","template":"","meta":[],"product_brand":[],"product_cat":[3280],"product_tag":[],"class_list":{"0":"post-72121","1":"product","2":"type-product","3":"status-publish","5":"product_cat-henkilonsuojaimet-ja-tyoturvallisuus-henkilonsuojaimet-kuulosuojaimet","7":"first","8":"instock","9":"shipping-taxable","10":"purchasable","11":"product-type-simple"},"_links":{"self":[{"href":"https:\/\/logistiikkakeskus.net\/kauppa\/wp-json\/wp\/v2\/product\/72121","targetHints":{"allow":["GET"]}}],"collection":[{"href":"https:\/\/logistiikkakeskus.net\/kauppa\/wp-json\/wp\/v2\/product"}],"about":[{"href":"https:\/\/logistiikkakeskus.net\/kauppa\/wp-json\/wp\/v2\/types\/product"}],"replies":[{"embeddable":true,"href":"https:\/\/logistiikkakeskus.net\/kauppa\/wp-json\/wp\/v2\/comments?post=72121"}],"wp:attachment":[{"href":"https:\/\/logistiikkakeskus.net\/kauppa\/wp-json\/wp\/v2\/media?parent=72121"}],"wp:term":[{"taxonomy":"product_brand","embeddable":true,"href":"https:\/\/logistiikkakeskus.net\/kauppa\/wp-json\/wp\/v2\/product_brand?post=72121"},{"taxonomy":"product_cat","embeddable":true,"href":"https:\/\/logistiikkakeskus.net\/kauppa\/wp-json\/wp\/v2\/product_cat?post=72121"},{"taxonomy":"product_tag","embeddable":true,"href":"https:\/\/logistiikkakeskus.net\/kauppa\/wp-json\/wp\/v2\/product_tag?post=72121"}],"curies":[{"name":"wp","href":"https:\/\/api.w.org\/{rel}","templated":true}]}}