{"id":71950,"date":"2022-12-01T09:20:51","date_gmt":"2022-12-01T09:20:51","guid":{"rendered":"https:\/\/logistiikkakeskus.net\/kauppa\/tuote\/suoja-aine-collonil-carbon-pro-300ml\/"},"modified":"2026-01-20T09:17:05","modified_gmt":"2026-01-20T07:17:05","slug":"suoja-aine-collonil-carbon-pro-300ml","status":"publish","type":"product","link":"https:\/\/logistiikkakeskus.net\/kauppa\/tuote\/suoja-aine-collonil-carbon-pro-300ml\/","title":{"rendered":"Keng\u00e4nhoitosuihke Sievi 300 ml"},"content":{"rendered":"<p>Vesipohjainen kenk\u00e4suoja muodostaa n\u00e4kym\u00e4tt\u00f6m\u00e4n suojanlikaantumistaja kastumista vastaan muuttamatta pinnan tuntua ja ulkon\u00e4k\u00f6\u00e4. Sopiimokka-, nupukki-, nahka-, keinonahka- ja tekstiilikengille.<\/p>\n<p><i>Hakusanat: keng\u00e4nhoitoaine, nahanhoitoaine,kyll\u00e4stysaine,kyll\u00e4styssuihke<\/i><\/p>\n","protected":false},"excerpt":{"rendered":"<p>Vesipohjainen kenk\u00e4suoja muodostaa n\u00e4kym\u00e4tt\u00f6m\u00e4n suojanlikaantumistaja kastumista vastaan muuttamatta pinnan tuntua ja ulkon\u00e4k\u00f6\u00e4. Sopiimokka-, nupukki-, nahka-, keinonahka- ja tekstiilikengille. Hakusanat: keng\u00e4nhoitoaine, nahanhoitoaine,kyll\u00e4stysaine,kyll\u00e4styssuihke<\/p>\n","protected":false},"featured_media":102873,"comment_status":"open","ping_status":"closed","template":"","meta":[],"product_brand":[],"product_cat":[3387],"product_tag":[],"class_list":{"0":"post-71950","1":"product","2":"type-product","3":"status-publish","4":"has-post-thumbnail","6":"product_cat-henkilonsuojaimet-ja-tyoturvallisuus-jalkineet-tarvikkeet-ja-kenganhoitotuotteet","8":"first","9":"instock","10":"shipping-taxable","11":"purchasable","12":"product-type-simple"},"_links":{"self":[{"href":"https:\/\/logistiikkakeskus.net\/kauppa\/wp-json\/wp\/v2\/product\/71950","targetHints":{"allow":["GET"]}}],"collection":[{"href":"https:\/\/logistiikkakeskus.net\/kauppa\/wp-json\/wp\/v2\/product"}],"about":[{"href":"https:\/\/logistiikkakeskus.net\/kauppa\/wp-json\/wp\/v2\/types\/product"}],"replies":[{"embeddable":true,"href":"https:\/\/logistiikkakeskus.net\/kauppa\/wp-json\/wp\/v2\/comments?post=71950"}],"wp:featuredmedia":[{"embeddable":true,"href":"https:\/\/logistiikkakeskus.net\/kauppa\/wp-json\/wp\/v2\/media\/102873"}],"wp:attachment":[{"href":"https:\/\/logistiikkakeskus.net\/kauppa\/wp-json\/wp\/v2\/media?parent=71950"}],"wp:term":[{"taxonomy":"product_brand","embeddable":true,"href":"https:\/\/logistiikkakeskus.net\/kauppa\/wp-json\/wp\/v2\/product_brand?post=71950"},{"taxonomy":"product_cat","embeddable":true,"href":"https:\/\/logistiikkakeskus.net\/kauppa\/wp-json\/wp\/v2\/product_cat?post=71950"},{"taxonomy":"product_tag","embeddable":true,"href":"https:\/\/logistiikkakeskus.net\/kauppa\/wp-json\/wp\/v2\/product_tag?post=71950"}],"curies":[{"name":"wp","href":"https:\/\/api.w.org\/{rel}","templated":true}]}}