{"id":71928,"date":"2022-12-01T09:20:43","date_gmt":"2022-12-01T09:20:43","guid":{"rendered":"https:\/\/logistiikkakeskus.net\/kauppa\/tuote\/muovisormikas-jokaoiler-35-sp-koko-10\/"},"modified":"2026-01-20T09:17:04","modified_gmt":"2026-01-20T07:17:04","slug":"muovisormikas-jokaoiler-35-sp-koko-10","status":"publish","type":"product","link":"https:\/\/logistiikkakeskus.net\/kauppa\/tuote\/muovisormikas-jokaoiler-35-sp-koko-10\/","title":{"rendered":"X Muovisormikas JokaOiler 35 SP, koko 10"},"content":{"rendered":"<p>JokaOiler 35SP on vedenpit\u00e4v\u00e4 kemikaalinkest\u00e4v\u00e4 ty\u00f6k\u00e4sine siivous-,puhdistus tai maalaust\u00f6ihin. Se on notkea pitk\u00e4vartinen ty\u00f6sormikas,jossa on ohut puuvillavuori. Kest\u00e4v\u00e4 kaksinkertainen Vinyyli 360\u00b0pinnoite pysyy joustavana -50\u00b0C pakkasessa. Sile\u00e4 TopGrip\u00ae-pinta antaapit\u00e4v\u00e4n otteen kuivissa, kosteissa ja \u00f6ljyisiss\u00e4 olosuhteissa. Myyntier\u00e41 pr (10 pr\/ltk).<\/p>\n","protected":false},"excerpt":{"rendered":"<p>JokaOiler 35SP on vedenpit\u00e4v\u00e4 kemikaalinkest\u00e4v\u00e4 ty\u00f6k\u00e4sine siivous-,puhdistus tai maalaust\u00f6ihin. Se on notkea pitk\u00e4vartinen ty\u00f6sormikas,jossa on ohut puuvillavuori. Kest\u00e4v\u00e4 kaksinkertainen Vinyyli 360\u00b0pinnoite pysyy joustavana -50\u00b0C pakkasessa. Sile\u00e4 TopGrip\u00ae-pinta antaapit\u00e4v\u00e4n otteen kuivissa, kosteissa ja \u00f6ljyisiss\u00e4 olosuhteissa. Myyntier\u00e41 pr (10 pr\/ltk).<\/p>\n","protected":false},"featured_media":102865,"comment_status":"open","ping_status":"closed","template":"","meta":[],"product_brand":[],"product_cat":[3383],"product_tag":[],"class_list":{"0":"post-71928","1":"product","2":"type-product","3":"status-publish","4":"has-post-thumbnail","6":"product_cat-henkilonsuojaimet-ja-tyoturvallisuus-henkilonsuojaimet-kasineet","8":"first","9":"instock","10":"shipping-taxable","11":"purchasable","12":"product-type-simple"},"_links":{"self":[{"href":"https:\/\/logistiikkakeskus.net\/kauppa\/wp-json\/wp\/v2\/product\/71928","targetHints":{"allow":["GET"]}}],"collection":[{"href":"https:\/\/logistiikkakeskus.net\/kauppa\/wp-json\/wp\/v2\/product"}],"about":[{"href":"https:\/\/logistiikkakeskus.net\/kauppa\/wp-json\/wp\/v2\/types\/product"}],"replies":[{"embeddable":true,"href":"https:\/\/logistiikkakeskus.net\/kauppa\/wp-json\/wp\/v2\/comments?post=71928"}],"wp:featuredmedia":[{"embeddable":true,"href":"https:\/\/logistiikkakeskus.net\/kauppa\/wp-json\/wp\/v2\/media\/102865"}],"wp:attachment":[{"href":"https:\/\/logistiikkakeskus.net\/kauppa\/wp-json\/wp\/v2\/media?parent=71928"}],"wp:term":[{"taxonomy":"product_brand","embeddable":true,"href":"https:\/\/logistiikkakeskus.net\/kauppa\/wp-json\/wp\/v2\/product_brand?post=71928"},{"taxonomy":"product_cat","embeddable":true,"href":"https:\/\/logistiikkakeskus.net\/kauppa\/wp-json\/wp\/v2\/product_cat?post=71928"},{"taxonomy":"product_tag","embeddable":true,"href":"https:\/\/logistiikkakeskus.net\/kauppa\/wp-json\/wp\/v2\/product_tag?post=71928"}],"curies":[{"name":"wp","href":"https:\/\/api.w.org\/{rel}","templated":true}]}}