{"id":71813,"date":"2022-12-01T09:19:58","date_gmt":"2022-12-01T09:19:58","guid":{"rendered":"https:\/\/logistiikkakeskus.net\/kauppa\/tuote\/suojakypara-portwest-ps73-keltainen\/"},"modified":"2026-01-20T09:17:01","modified_gmt":"2026-01-20T07:17:01","slug":"suojakypara-portwest-ps73-keltainen","status":"publish","type":"product","link":"https:\/\/logistiikkakeskus.net\/kauppa\/tuote\/suojakypara-portwest-ps73-keltainen\/","title":{"rendered":"Suojakyp\u00e4r\u00e4 Portwest PS73, keltainen"},"content":{"rendered":"<p>PortWest PS73YER on kevyt, mukava ja tukeva suojakyp\u00e4r\u00e4 EPS-pehmusteilla. Kyp\u00e4r\u00e4 on sertifioitu EN 12492 -standardin mukaisestiputoamisvaarallisella alueella liikkumiseen ja korkean paikanty\u00f6maak\u00e4ytt\u00f6\u00f6n. Kyp\u00e4r\u00e4n optimaalinen istuvuus on varmistettu kuuteenpisteeseen tuetuin tekstiilivaljaspehmustein, teknisell\u00e4 hikinauhalla japy\u00f6ritt\u00e4m\u00e4ll\u00e4 takaa s\u00e4\u00e4dett\u00e4v\u00e4ll\u00e4 pannalla. 4-pisteinen leukahihna.<\/p>\n<ul>Sertifikaatit &#038; standardit : EN 12492, EN 397<\/ul>\n<p><i>Hakusanat: teollisuuskyp\u00e4r\u00e4, suojakyp\u00e4r\u00e4<\/i><\/p>\n","protected":false},"excerpt":{"rendered":"<p>PortWest PS73YER on kevyt, mukava ja tukeva suojakyp\u00e4r\u00e4 EPS-pehmusteilla. Kyp\u00e4r\u00e4 on sertifioitu EN 12492 -standardin mukaisestiputoamisvaarallisella alueella liikkumiseen ja korkean paikanty\u00f6maak\u00e4ytt\u00f6\u00f6n. Kyp\u00e4r\u00e4n optimaalinen istuvuus on varmistettu kuuteenpisteeseen tuetuin tekstiilivaljaspehmustein, teknisell\u00e4 hikinauhalla japy\u00f6ritt\u00e4m\u00e4ll\u00e4 takaa s\u00e4\u00e4dett\u00e4v\u00e4ll\u00e4 pannalla. 4-pisteinen leukahihna. Sertifikaatit &#038; standardit : EN 12492, EN 397 Hakusanat: teollisuuskyp\u00e4r\u00e4, suojakyp\u00e4r\u00e4<\/p>\n","protected":false},"featured_media":102824,"comment_status":"open","ping_status":"closed","template":"","meta":[],"product_brand":[],"product_cat":[3373],"product_tag":[],"class_list":{"0":"post-71813","1":"product","2":"type-product","3":"status-publish","4":"has-post-thumbnail","6":"product_cat-henkilonsuojaimet-ja-tyoturvallisuus-henkilonsuojaimet-kyparat-ja-tarvikkeet","8":"first","9":"instock","10":"shipping-taxable","11":"purchasable","12":"product-type-simple"},"_links":{"self":[{"href":"https:\/\/logistiikkakeskus.net\/kauppa\/wp-json\/wp\/v2\/product\/71813","targetHints":{"allow":["GET"]}}],"collection":[{"href":"https:\/\/logistiikkakeskus.net\/kauppa\/wp-json\/wp\/v2\/product"}],"about":[{"href":"https:\/\/logistiikkakeskus.net\/kauppa\/wp-json\/wp\/v2\/types\/product"}],"replies":[{"embeddable":true,"href":"https:\/\/logistiikkakeskus.net\/kauppa\/wp-json\/wp\/v2\/comments?post=71813"}],"wp:featuredmedia":[{"embeddable":true,"href":"https:\/\/logistiikkakeskus.net\/kauppa\/wp-json\/wp\/v2\/media\/102824"}],"wp:attachment":[{"href":"https:\/\/logistiikkakeskus.net\/kauppa\/wp-json\/wp\/v2\/media?parent=71813"}],"wp:term":[{"taxonomy":"product_brand","embeddable":true,"href":"https:\/\/logistiikkakeskus.net\/kauppa\/wp-json\/wp\/v2\/product_brand?post=71813"},{"taxonomy":"product_cat","embeddable":true,"href":"https:\/\/logistiikkakeskus.net\/kauppa\/wp-json\/wp\/v2\/product_cat?post=71813"},{"taxonomy":"product_tag","embeddable":true,"href":"https:\/\/logistiikkakeskus.net\/kauppa\/wp-json\/wp\/v2\/product_tag?post=71813"}],"curies":[{"name":"wp","href":"https:\/\/api.w.org\/{rel}","templated":true}]}}