{"id":71686,"date":"2022-12-01T09:19:09","date_gmt":"2022-12-01T09:19:09","guid":{"rendered":"https:\/\/logistiikkakeskus.net\/kauppa\/tuote\/harkkolaasti-weber-m100500-ml-1000kg\/"},"modified":"2025-10-15T10:17:14","modified_gmt":"2025-10-15T07:17:14","slug":"harkkolaasti-weber-m100500-ml-1000kg","status":"publish","type":"product","link":"https:\/\/logistiikkakeskus.net\/kauppa\/tuote\/harkkolaasti-weber-m100500-ml-1000kg\/","title":{"rendered":"Harkkolaasti Weber M100\/500 ML 1000KG"},"content":{"rendered":"<p>weber ML 10 on muurauslaasti kevytsoraharkko- ja tiilirakenteidenmuuraukseen.K\u00e4sin levitett\u00e4v\u00e4<\/p>\n","protected":false},"excerpt":{"rendered":"<p>weber ML 10 on muurauslaasti kevytsoraharkko- ja tiilirakenteidenmuuraukseen.K\u00e4sin levitett\u00e4v\u00e4<\/p>\n","protected":false},"featured_media":0,"comment_status":"open","ping_status":"closed","template":"","meta":[],"product_brand":[],"product_cat":[3349],"product_tag":[],"class_list":{"0":"post-71686","1":"product","2":"type-product","3":"status-publish","5":"product_cat-rakennustarvikkeet-laastit-ja-sementit-muurauslaastit","7":"first","8":"instock","9":"shipping-taxable","10":"purchasable","11":"product-type-simple"},"_links":{"self":[{"href":"https:\/\/logistiikkakeskus.net\/kauppa\/wp-json\/wp\/v2\/product\/71686","targetHints":{"allow":["GET"]}}],"collection":[{"href":"https:\/\/logistiikkakeskus.net\/kauppa\/wp-json\/wp\/v2\/product"}],"about":[{"href":"https:\/\/logistiikkakeskus.net\/kauppa\/wp-json\/wp\/v2\/types\/product"}],"replies":[{"embeddable":true,"href":"https:\/\/logistiikkakeskus.net\/kauppa\/wp-json\/wp\/v2\/comments?post=71686"}],"wp:attachment":[{"href":"https:\/\/logistiikkakeskus.net\/kauppa\/wp-json\/wp\/v2\/media?parent=71686"}],"wp:term":[{"taxonomy":"product_brand","embeddable":true,"href":"https:\/\/logistiikkakeskus.net\/kauppa\/wp-json\/wp\/v2\/product_brand?post=71686"},{"taxonomy":"product_cat","embeddable":true,"href":"https:\/\/logistiikkakeskus.net\/kauppa\/wp-json\/wp\/v2\/product_cat?post=71686"},{"taxonomy":"product_tag","embeddable":true,"href":"https:\/\/logistiikkakeskus.net\/kauppa\/wp-json\/wp\/v2\/product_tag?post=71686"}],"curies":[{"name":"wp","href":"https:\/\/api.w.org\/{rel}","templated":true}]}}