{"id":71595,"date":"2022-12-01T09:18:23","date_gmt":"2022-12-01T09:18:23","guid":{"rendered":"https:\/\/logistiikkakeskus.net\/kauppa\/tuote\/makita-kaasunaulain-50-90mm-gn900se\/"},"modified":"2025-10-15T10:17:05","modified_gmt":"2025-10-15T07:17:05","slug":"makita-kaasunaulain-50-90mm-gn900se","status":"publish","type":"product","link":"https:\/\/logistiikkakeskus.net\/kauppa\/tuote\/makita-kaasunaulain-50-90mm-gn900se\/","title":{"rendered":"Makita Kaasunaulain 50-90mm GN900SE"},"content":{"rendered":"<p>KaasurunkonaulainGN900SE7.2V \u2022 50 \u2013 90 mmKaasuk\u00e4ytt\u00f6inen naulain runkonaulauksiinKaasuk\u00e4ytt\u00f6inennaulain 7.2V j\u00e4nnitteell\u00e4 runkonaulauksiin. Nopea k\u00e4ytt\u00f6\u00f6notto javaivaton k\u00e4ytt\u00f6, koska letkua eik\u00e4 kompressoria tarvita jaloissapy\u00f6rim\u00e4ss\u00e4. Naulaimessa k\u00e4ytet\u00e4\u00e4n puolikantaisia 34\u00b0 teippisidosnaulojaja naulauskapasiteetti on jopa 90 mm. Kaksi 1.0Ah akkua ja latauslaite.Ei sis\u00e4ll\u00e4 kaasupatruunaa.<\/p>\n","protected":false},"excerpt":{"rendered":"<p>KaasurunkonaulainGN900SE7.2V \u2022 50 \u2013 90 mmKaasuk\u00e4ytt\u00f6inen naulain runkonaulauksiinKaasuk\u00e4ytt\u00f6inennaulain 7.2V j\u00e4nnitteell\u00e4 runkonaulauksiin. Nopea k\u00e4ytt\u00f6\u00f6notto javaivaton k\u00e4ytt\u00f6, koska letkua eik\u00e4 kompressoria tarvita jaloissapy\u00f6rim\u00e4ss\u00e4. Naulaimessa k\u00e4ytet\u00e4\u00e4n puolikantaisia 34\u00b0 teippisidosnaulojaja naulauskapasiteetti on jopa 90 mm. Kaksi 1.0Ah akkua ja latauslaite.Ei sis\u00e4ll\u00e4 kaasupatruunaa.<\/p>\n","protected":false},"featured_media":0,"comment_status":"open","ping_status":"closed","template":"","meta":[],"product_brand":[],"product_cat":[3323],"product_tag":[],"class_list":{"0":"post-71595","1":"product","2":"type-product","3":"status-publish","5":"product_cat-kiinteistotarvikkeet-muut-tuotteet-kiinteistotuotteet","7":"first","8":"instock","9":"shipping-taxable","10":"purchasable","11":"product-type-simple"},"_links":{"self":[{"href":"https:\/\/logistiikkakeskus.net\/kauppa\/wp-json\/wp\/v2\/product\/71595","targetHints":{"allow":["GET"]}}],"collection":[{"href":"https:\/\/logistiikkakeskus.net\/kauppa\/wp-json\/wp\/v2\/product"}],"about":[{"href":"https:\/\/logistiikkakeskus.net\/kauppa\/wp-json\/wp\/v2\/types\/product"}],"replies":[{"embeddable":true,"href":"https:\/\/logistiikkakeskus.net\/kauppa\/wp-json\/wp\/v2\/comments?post=71595"}],"wp:attachment":[{"href":"https:\/\/logistiikkakeskus.net\/kauppa\/wp-json\/wp\/v2\/media?parent=71595"}],"wp:term":[{"taxonomy":"product_brand","embeddable":true,"href":"https:\/\/logistiikkakeskus.net\/kauppa\/wp-json\/wp\/v2\/product_brand?post=71595"},{"taxonomy":"product_cat","embeddable":true,"href":"https:\/\/logistiikkakeskus.net\/kauppa\/wp-json\/wp\/v2\/product_cat?post=71595"},{"taxonomy":"product_tag","embeddable":true,"href":"https:\/\/logistiikkakeskus.net\/kauppa\/wp-json\/wp\/v2\/product_tag?post=71595"}],"curies":[{"name":"wp","href":"https:\/\/api.w.org\/{rel}","templated":true}]}}