{"id":71287,"date":"2022-12-01T09:16:22","date_gmt":"2022-12-01T09:16:22","guid":{"rendered":"https:\/\/logistiikkakeskus.net\/kauppa\/tuote\/turvakoysi-vertiline-15m\/"},"modified":"2025-03-25T14:39:36","modified_gmt":"2025-03-25T12:39:36","slug":"turvakoysi-vertiline-15m","status":"publish","type":"product","link":"https:\/\/logistiikkakeskus.net\/kauppa\/tuote\/turvakoysi-vertiline-15m\/","title":{"rendered":"Turvak\u00f6ysi Vertiline 15M"},"content":{"rendered":"<p>TuotekuvausTurvak\u00f6ysi Vertiline Classic nyk\u00e4yksenvaimentimella. K\u00f6ysilukkosinkitty\u00e4 ter\u00e4st\u00e4. K\u00f6yden paksuus 12 mm. Pituus 15 m. Paino 2100 g.Vastaa standardin EN 353-2 vaatimuksia.<\/p>\n","protected":false},"excerpt":{"rendered":"<p>TuotekuvausTurvak\u00f6ysi Vertiline Classic nyk\u00e4yksenvaimentimella. K\u00f6ysilukkosinkitty\u00e4 ter\u00e4st\u00e4. K\u00f6yden paksuus 12 mm. Pituus 15 m. Paino 2100 g.Vastaa standardin EN 353-2 vaatimuksia.<\/p>\n","protected":false},"featured_media":0,"comment_status":"open","ping_status":"closed","template":"","meta":[],"product_brand":[],"product_cat":[3336],"product_tag":[],"class_list":{"0":"post-71287","1":"product","2":"type-product","3":"status-publish","5":"product_cat-henkilonsuojaimet-ja-tyoturvallisuus-henkilonsuojaimet-putoamissuojaimet-ja-turvavaljaat","7":"first","8":"instock","9":"shipping-taxable","10":"purchasable","11":"product-type-simple"},"_links":{"self":[{"href":"https:\/\/logistiikkakeskus.net\/kauppa\/wp-json\/wp\/v2\/product\/71287","targetHints":{"allow":["GET"]}}],"collection":[{"href":"https:\/\/logistiikkakeskus.net\/kauppa\/wp-json\/wp\/v2\/product"}],"about":[{"href":"https:\/\/logistiikkakeskus.net\/kauppa\/wp-json\/wp\/v2\/types\/product"}],"replies":[{"embeddable":true,"href":"https:\/\/logistiikkakeskus.net\/kauppa\/wp-json\/wp\/v2\/comments?post=71287"}],"wp:attachment":[{"href":"https:\/\/logistiikkakeskus.net\/kauppa\/wp-json\/wp\/v2\/media?parent=71287"}],"wp:term":[{"taxonomy":"product_brand","embeddable":true,"href":"https:\/\/logistiikkakeskus.net\/kauppa\/wp-json\/wp\/v2\/product_brand?post=71287"},{"taxonomy":"product_cat","embeddable":true,"href":"https:\/\/logistiikkakeskus.net\/kauppa\/wp-json\/wp\/v2\/product_cat?post=71287"},{"taxonomy":"product_tag","embeddable":true,"href":"https:\/\/logistiikkakeskus.net\/kauppa\/wp-json\/wp\/v2\/product_tag?post=71287"}],"curies":[{"name":"wp","href":"https:\/\/api.w.org\/{rel}","templated":true}]}}