{"id":68961,"date":"2022-12-01T09:02:48","date_gmt":"2022-12-01T09:02:48","guid":{"rendered":"https:\/\/logistiikkakeskus.net\/kauppa\/tuote\/adressin-sisalehti-3\/"},"modified":"2025-10-15T10:15:23","modified_gmt":"2025-10-15T07:15:23","slug":"adressin-sisalehti-3","status":"publish","type":"product","link":"https:\/\/logistiikkakeskus.net\/kauppa\/tuote\/adressin-sisalehti-3\/","title":{"rendered":"Adressin sis\u00e4lehti"},"content":{"rendered":"<p>myyntiyksikk\u00f6 KPL<br \/><big>Adressin sis\u00e4lehti, ilman sis\u00e4sivun tekstej\u00e4,(laser-tulostukseen) <\/big> <\/p>\n<p><i>Hakusanat: tarkastuspyynt\u00f6-tuote<\/i><\/p>\n","protected":false},"excerpt":{"rendered":"<p>myyntiyksikk\u00f6 KPLAdressin sis\u00e4lehti, ilman sis\u00e4sivun tekstej\u00e4,(laser-tulostukseen) Hakusanat: tarkastuspyynt\u00f6-tuote<\/p>\n","protected":false},"featured_media":0,"comment_status":"open","ping_status":"closed","template":"","meta":[],"product_brand":[],"product_cat":[3321],"product_tag":[],"class_list":{"0":"post-68961","1":"product","2":"type-product","3":"status-publish","5":"product_cat-lomakkeet-muut-painatustuotteet-adressit","7":"first","8":"instock","9":"shipping-taxable","10":"purchasable","11":"product-type-simple"},"_links":{"self":[{"href":"https:\/\/logistiikkakeskus.net\/kauppa\/wp-json\/wp\/v2\/product\/68961","targetHints":{"allow":["GET"]}}],"collection":[{"href":"https:\/\/logistiikkakeskus.net\/kauppa\/wp-json\/wp\/v2\/product"}],"about":[{"href":"https:\/\/logistiikkakeskus.net\/kauppa\/wp-json\/wp\/v2\/types\/product"}],"replies":[{"embeddable":true,"href":"https:\/\/logistiikkakeskus.net\/kauppa\/wp-json\/wp\/v2\/comments?post=68961"}],"wp:attachment":[{"href":"https:\/\/logistiikkakeskus.net\/kauppa\/wp-json\/wp\/v2\/media?parent=68961"}],"wp:term":[{"taxonomy":"product_brand","embeddable":true,"href":"https:\/\/logistiikkakeskus.net\/kauppa\/wp-json\/wp\/v2\/product_brand?post=68961"},{"taxonomy":"product_cat","embeddable":true,"href":"https:\/\/logistiikkakeskus.net\/kauppa\/wp-json\/wp\/v2\/product_cat?post=68961"},{"taxonomy":"product_tag","embeddable":true,"href":"https:\/\/logistiikkakeskus.net\/kauppa\/wp-json\/wp\/v2\/product_tag?post=68961"}],"curies":[{"name":"wp","href":"https:\/\/api.w.org\/{rel}","templated":true}]}}