{"id":68765,"date":"2022-12-01T09:01:46","date_gmt":"2022-12-01T09:01:46","guid":{"rendered":"https:\/\/logistiikkakeskus.net\/kauppa\/tuote\/kuminauha-valkoinen-7mm-250m\/"},"modified":"2026-01-20T09:16:13","modified_gmt":"2026-01-20T07:16:13","slug":"kuminauha-valkoinen-7mm-250m","status":"publish","type":"product","link":"https:\/\/logistiikkakeskus.net\/kauppa\/tuote\/kuminauha-valkoinen-7mm-250m\/","title":{"rendered":"Kuminauha valkoinen 7mm (50m)"},"content":{"rendered":"<p>Myyntiyksikk\u00f6 RLL (50 metri\u00e4)<\/p>\n<p>Valkoinen punottu kuminauha 7mm, pituus 50 metri\u00e4<\/p>\n<p>Napakka ja elastinen kuminauha p\u00e4\u00e4llystetyss\u00e4 muodossayleisk\u00e4ytt\u00f6\u00f6n.Soveltuu hyvin esimerkiksi erilaisiin ompelut\u00f6ihin, kiinnitykseen jaaskarteluun.<\/p>\n<ul>\n<li>Litte\u00e4 punottu kuminauha Kuminauhan leveys 7 mm\n<li>Venyy yli 2 kertaa yli lepopituutensa\n<li>Pesuohje: Kest\u00e4\u00e4 laitospesua 95 asteessa<\/ul>\n<p><i>Hakusanat: tekstiility\u00f6tarvikkeet, kuminauhat,kumilenkit,askartelutarvikkeet, askartelunauhat, ompelutarvikkeet, kuminarut,kuminy\u00f6rit<\/i><\/p>\n","protected":false},"excerpt":{"rendered":"<p>Myyntiyksikk\u00f6 RLL (50 metri\u00e4) Valkoinen punottu kuminauha 7mm, pituus 50 metri\u00e4 Napakka ja elastinen kuminauha p\u00e4\u00e4llystetyss\u00e4 muodossayleisk\u00e4ytt\u00f6\u00f6n.Soveltuu hyvin esimerkiksi erilaisiin ompelut\u00f6ihin, kiinnitykseen jaaskarteluun. Litte\u00e4 punottu kuminauha Kuminauhan leveys 7 mm Venyy yli 2 kertaa yli lepopituutensa Pesuohje: Kest\u00e4\u00e4 laitospesua 95 asteessa Hakusanat: tekstiility\u00f6tarvikkeet, kuminauhat,kumilenkit,askartelutarvikkeet, askartelunauhat, ompelutarvikkeet, kuminarut,kuminy\u00f6rit<\/p>\n","protected":false},"featured_media":102381,"comment_status":"open","ping_status":"closed","template":"","meta":[],"product_brand":[],"product_cat":[3309],"product_tag":[],"class_list":{"0":"post-68765","1":"product","2":"type-product","3":"status-publish","4":"has-post-thumbnail","6":"product_cat-koulu-ja-tekstiilityotarvikkeet-tekstiilityotarvikkeet-nauhat-ja-nyorit","8":"first","9":"instock","10":"shipping-taxable","11":"purchasable","12":"product-type-simple"},"_links":{"self":[{"href":"https:\/\/logistiikkakeskus.net\/kauppa\/wp-json\/wp\/v2\/product\/68765","targetHints":{"allow":["GET"]}}],"collection":[{"href":"https:\/\/logistiikkakeskus.net\/kauppa\/wp-json\/wp\/v2\/product"}],"about":[{"href":"https:\/\/logistiikkakeskus.net\/kauppa\/wp-json\/wp\/v2\/types\/product"}],"replies":[{"embeddable":true,"href":"https:\/\/logistiikkakeskus.net\/kauppa\/wp-json\/wp\/v2\/comments?post=68765"}],"wp:featuredmedia":[{"embeddable":true,"href":"https:\/\/logistiikkakeskus.net\/kauppa\/wp-json\/wp\/v2\/media\/102381"}],"wp:attachment":[{"href":"https:\/\/logistiikkakeskus.net\/kauppa\/wp-json\/wp\/v2\/media?parent=68765"}],"wp:term":[{"taxonomy":"product_brand","embeddable":true,"href":"https:\/\/logistiikkakeskus.net\/kauppa\/wp-json\/wp\/v2\/product_brand?post=68765"},{"taxonomy":"product_cat","embeddable":true,"href":"https:\/\/logistiikkakeskus.net\/kauppa\/wp-json\/wp\/v2\/product_cat?post=68765"},{"taxonomy":"product_tag","embeddable":true,"href":"https:\/\/logistiikkakeskus.net\/kauppa\/wp-json\/wp\/v2\/product_tag?post=68765"}],"curies":[{"name":"wp","href":"https:\/\/api.w.org\/{rel}","templated":true}]}}