{"id":68741,"date":"2022-12-01T09:01:38","date_gmt":"2022-12-01T09:01:38","guid":{"rendered":"https:\/\/logistiikkakeskus.net\/kauppa\/tuote\/vinonauha-20mm-keltainen\/"},"modified":"2026-01-20T09:16:12","modified_gmt":"2026-01-20T07:16:12","slug":"vinonauha-20mm-keltainen","status":"publish","type":"product","link":"https:\/\/logistiikkakeskus.net\/kauppa\/tuote\/vinonauha-20mm-keltainen\/","title":{"rendered":"Vinonauha 20mm, keltainen"},"content":{"rendered":"<p>myyntiyksikk\u00f6 RLL (20 metri\u00e4)<\/p>\n<h2>Keltainen vinonauha 20 mm, pituus20 metri\u00e4<\/h2>\n<p> Perinteinen puuvillasta valmistettu, joustavakanttinauha, jota voidaan k\u00e4ytt\u00e4\u00e4 esimerkiksi kankaan reunojenviimeistelyyn, k\u00e4\u00e4nteiden jasaumojen vahvistukseen sek\u00e4 askarteluun.<\/p>\n<ul> <b>Ominaisuudet:<\/b><\/p>\n<li>Perinteinen vinonauha\n<li>Vinonauhan leveys 20 mm\n<li>Vinonauhan pituus 20 metri\u00e4\n<li>Keltainen(nro.1620)\n<li>100% puuvillaa\n<li>Pesuohje: kest\u00e4\u00e4 konepesun 60 asteessa<\/ul>\n<p><i>Toimittajan tuotenro. 3002.20.05650 Prym Consumer Finland<br \/>hakusanat: vinonauhat, askartelunauhat, vinokanttinauhat, <\/i><\/p>\n","protected":false},"excerpt":{"rendered":"<p>myyntiyksikk\u00f6 RLL (20 metri\u00e4) Keltainen vinonauha 20 mm, pituus20 metri\u00e4 Perinteinen puuvillasta valmistettu, joustavakanttinauha, jota voidaan k\u00e4ytt\u00e4\u00e4 esimerkiksi kankaan reunojenviimeistelyyn, k\u00e4\u00e4nteiden jasaumojen vahvistukseen sek\u00e4 askarteluun. Ominaisuudet: Perinteinen vinonauha Vinonauhan leveys 20 mm Vinonauhan pituus 20 metri\u00e4 Keltainen(nro.1620) 100% puuvillaa Pesuohje: kest\u00e4\u00e4 konepesun 60 asteessa Toimittajan tuotenro. 3002.20.05650 Prym Consumer Finlandhakusanat: vinonauhat, askartelunauhat, vinokanttinauhat,<\/p>\n","protected":false},"featured_media":102370,"comment_status":"open","ping_status":"closed","template":"","meta":[],"product_brand":[],"product_cat":[3309],"product_tag":[],"class_list":{"0":"post-68741","1":"product","2":"type-product","3":"status-publish","4":"has-post-thumbnail","6":"product_cat-koulu-ja-tekstiilityotarvikkeet-tekstiilityotarvikkeet-nauhat-ja-nyorit","8":"first","9":"instock","10":"shipping-taxable","11":"purchasable","12":"product-type-simple"},"_links":{"self":[{"href":"https:\/\/logistiikkakeskus.net\/kauppa\/wp-json\/wp\/v2\/product\/68741","targetHints":{"allow":["GET"]}}],"collection":[{"href":"https:\/\/logistiikkakeskus.net\/kauppa\/wp-json\/wp\/v2\/product"}],"about":[{"href":"https:\/\/logistiikkakeskus.net\/kauppa\/wp-json\/wp\/v2\/types\/product"}],"replies":[{"embeddable":true,"href":"https:\/\/logistiikkakeskus.net\/kauppa\/wp-json\/wp\/v2\/comments?post=68741"}],"wp:featuredmedia":[{"embeddable":true,"href":"https:\/\/logistiikkakeskus.net\/kauppa\/wp-json\/wp\/v2\/media\/102370"}],"wp:attachment":[{"href":"https:\/\/logistiikkakeskus.net\/kauppa\/wp-json\/wp\/v2\/media?parent=68741"}],"wp:term":[{"taxonomy":"product_brand","embeddable":true,"href":"https:\/\/logistiikkakeskus.net\/kauppa\/wp-json\/wp\/v2\/product_brand?post=68741"},{"taxonomy":"product_cat","embeddable":true,"href":"https:\/\/logistiikkakeskus.net\/kauppa\/wp-json\/wp\/v2\/product_cat?post=68741"},{"taxonomy":"product_tag","embeddable":true,"href":"https:\/\/logistiikkakeskus.net\/kauppa\/wp-json\/wp\/v2\/product_tag?post=68741"}],"curies":[{"name":"wp","href":"https:\/\/api.w.org\/{rel}","templated":true}]}}