{"id":68717,"date":"2022-12-01T09:01:31","date_gmt":"2022-12-01T09:01:31","guid":{"rendered":"https:\/\/logistiikkakeskus.net\/kauppa\/tuote\/kultalanka-25g\/"},"modified":"2026-01-20T09:16:11","modified_gmt":"2026-01-20T07:16:11","slug":"kultalanka-25g","status":"publish","type":"product","link":"https:\/\/logistiikkakeskus.net\/kauppa\/tuote\/kultalanka-25g\/","title":{"rendered":"Kultalanka 25g"},"content":{"rendered":"<p>myyntiyksikk\u00f6 RLL (100 metri\u00e4), ryhm\u00e4p. 10 rll\/ras <\/p>\n<h2>KultalankaAnchor25g, 100 metri\u00e4<\/h2>\n<p> S\u00e4ihkyv\u00e4n kaunis kultalanka, joka sopiihyvin a susteisiin s\u00e4v\u00e4ytt\u00e4v\u00e4ksi yksityiskohdaksi, koristeompeluun jaaskarteluun.<\/p>\n<ul><b> Ominaisuudet<\/b><\/p>\n<li>Metallinhohtava kultalanka(tummumaton)\n<li>Materiaalina 20% metallisoitu polyesteri ja 80% viskoosi\n<li>Sopiva virkkuukoukku  2 &#8211; 3mm\n<li>Sopiva neulakoko 3,25 mm\n<li>Ker\u00e4ss\u00e4lankaa 25g(n. 100 metri\u00e4)\n<li>Pesuohje: k\u00e4sinpesu 40-asteessa<\/ul>\n<p><i>Toimittaja n tuotenro. 4716300 Prym Consumer Finland<br \/>hakusanat:Tekstiility\u00f6tarvikkeet, ompelulanka, ompelulangat,  ompelutarvikkeet,koristelanka, askartelulanka, askartelutarvikkeet<\/i><\/p>\n","protected":false},"excerpt":{"rendered":"<p>myyntiyksikk\u00f6 RLL (100 metri\u00e4), ryhm\u00e4p. 10 rll\/ras KultalankaAnchor25g, 100 metri\u00e4 S\u00e4ihkyv\u00e4n kaunis kultalanka, joka sopiihyvin a susteisiin s\u00e4v\u00e4ytt\u00e4v\u00e4ksi yksityiskohdaksi, koristeompeluun jaaskarteluun. Ominaisuudet Metallinhohtava kultalanka(tummumaton) Materiaalina 20% metallisoitu polyesteri ja 80% viskoosi Sopiva virkkuukoukku 2 &#8211; 3mm Sopiva neulakoko 3,25 mm Ker\u00e4ss\u00e4lankaa 25g(n. 100 metri\u00e4) Pesuohje: k\u00e4sinpesu 40-asteessa Toimittaja n tuotenro. 4716300 Prym Consumer Finlandhakusanat:Tekstiility\u00f6tarvikkeet, ompelulanka, [&hellip;]<\/p>\n","protected":false},"featured_media":102358,"comment_status":"open","ping_status":"closed","template":"","meta":[],"product_brand":[],"product_cat":[3308],"product_tag":[],"class_list":{"0":"post-68717","1":"product","2":"type-product","3":"status-publish","4":"has-post-thumbnail","6":"product_cat-koulu-ja-tekstiilityotarvikkeet-tekstiilityotarvikkeet-ompelu-ja-kirjontalangat","8":"first","9":"instock","10":"shipping-taxable","11":"purchasable","12":"product-type-simple"},"_links":{"self":[{"href":"https:\/\/logistiikkakeskus.net\/kauppa\/wp-json\/wp\/v2\/product\/68717","targetHints":{"allow":["GET"]}}],"collection":[{"href":"https:\/\/logistiikkakeskus.net\/kauppa\/wp-json\/wp\/v2\/product"}],"about":[{"href":"https:\/\/logistiikkakeskus.net\/kauppa\/wp-json\/wp\/v2\/types\/product"}],"replies":[{"embeddable":true,"href":"https:\/\/logistiikkakeskus.net\/kauppa\/wp-json\/wp\/v2\/comments?post=68717"}],"wp:featuredmedia":[{"embeddable":true,"href":"https:\/\/logistiikkakeskus.net\/kauppa\/wp-json\/wp\/v2\/media\/102358"}],"wp:attachment":[{"href":"https:\/\/logistiikkakeskus.net\/kauppa\/wp-json\/wp\/v2\/media?parent=68717"}],"wp:term":[{"taxonomy":"product_brand","embeddable":true,"href":"https:\/\/logistiikkakeskus.net\/kauppa\/wp-json\/wp\/v2\/product_brand?post=68717"},{"taxonomy":"product_cat","embeddable":true,"href":"https:\/\/logistiikkakeskus.net\/kauppa\/wp-json\/wp\/v2\/product_cat?post=68717"},{"taxonomy":"product_tag","embeddable":true,"href":"https:\/\/logistiikkakeskus.net\/kauppa\/wp-json\/wp\/v2\/product_tag?post=68717"}],"curies":[{"name":"wp","href":"https:\/\/api.w.org\/{rel}","templated":true}]}}