{"id":67698,"date":"2022-12-01T08:55:58","date_gmt":"2022-12-01T08:55:58","guid":{"rendered":"https:\/\/logistiikkakeskus.net\/kauppa\/tuote\/loisteputki-g24d-2-kanta-18w\/"},"modified":"2026-01-20T09:15:19","modified_gmt":"2026-01-20T07:15:19","slug":"loisteputki-g24d-2-kanta-18w","status":"publish","type":"product","link":"https:\/\/logistiikkakeskus.net\/kauppa\/tuote\/loisteputki-g24d-2-kanta-18w\/","title":{"rendered":"Loisteputki G24D-2 -kanta 18W"},"content":{"rendered":"<p><big>Loisteputki G24D-2 kanta. 18W<\/big><\/p>\n<p> MASTER PL-C 18W \/ 830 \/ 2P1CT. 10 000 tuntia. Valovoima: 1200 Lumenia. Energiaa s\u00e4\u00e4st\u00e4v\u00e4pistokantaloistelamppu Kompakti, pienpaineinen elohopeapurkauslamppu4-sorminen purkausputkirakenne<\/p>\n<p> 2-nastainen kanta, sis\u00e4lt\u00e4\u00e4sytyttimen ja kondensaattorin K\u00e4ytt\u00f6olot ja k\u00e4ytett\u00e4v\u00e4 liit\u00e4nt\u00e4- laitevaikuttavat lampun ominaisuuksiin Himmennys ei ole mahdollista.<\/p>\n<p>K\u00e4ytt\u00f6kohteet Yleis- ja kohdevalaistus sek\u00e4 ammatti- ett\u00e4kotik\u00e4yt\u00f6ss\u00e4Upotettavat tai pinta- asennettavat  alasvalot,sein\u00e4valaisimet, p\u00f6yt\u00e4-ja kattovalaisimet.<\/p>\n<p><i>Hakusanat:pistokantalamppu , pienoislamppu<\/i><\/p>\n","protected":false},"excerpt":{"rendered":"<p>Loisteputki G24D-2 kanta. 18W MASTER PL-C 18W \/ 830 \/ 2P1CT. 10 000 tuntia. Valovoima: 1200 Lumenia. Energiaa s\u00e4\u00e4st\u00e4v\u00e4pistokantaloistelamppu Kompakti, pienpaineinen elohopeapurkauslamppu4-sorminen purkausputkirakenne 2-nastainen kanta, sis\u00e4lt\u00e4\u00e4sytyttimen ja kondensaattorin K\u00e4ytt\u00f6olot ja k\u00e4ytett\u00e4v\u00e4 liit\u00e4nt\u00e4- laitevaikuttavat lampun ominaisuuksiin Himmennys ei ole mahdollista. K\u00e4ytt\u00f6kohteet Yleis- ja kohdevalaistus sek\u00e4 ammatti- ett\u00e4kotik\u00e4yt\u00f6ss\u00e4Upotettavat tai pinta- asennettavat alasvalot,sein\u00e4valaisimet, p\u00f6yt\u00e4-ja kattovalaisimet. Hakusanat:pistokantalamppu , pienoislamppu<\/p>\n","protected":false},"featured_media":101861,"comment_status":"open","ping_status":"closed","template":"","meta":[],"product_brand":[],"product_cat":[3270],"product_tag":[],"class_list":{"0":"post-67698","1":"product","2":"type-product","3":"status-publish","4":"has-post-thumbnail","6":"product_cat-it-toimisto-sahkolaitteet-ja-tarv-sahkolaitteet-ja-tarvikkeet-lamput-ja-loisteputket","8":"first","9":"instock","10":"shipping-taxable","11":"purchasable","12":"product-type-simple"},"_links":{"self":[{"href":"https:\/\/logistiikkakeskus.net\/kauppa\/wp-json\/wp\/v2\/product\/67698","targetHints":{"allow":["GET"]}}],"collection":[{"href":"https:\/\/logistiikkakeskus.net\/kauppa\/wp-json\/wp\/v2\/product"}],"about":[{"href":"https:\/\/logistiikkakeskus.net\/kauppa\/wp-json\/wp\/v2\/types\/product"}],"replies":[{"embeddable":true,"href":"https:\/\/logistiikkakeskus.net\/kauppa\/wp-json\/wp\/v2\/comments?post=67698"}],"wp:featuredmedia":[{"embeddable":true,"href":"https:\/\/logistiikkakeskus.net\/kauppa\/wp-json\/wp\/v2\/media\/101861"}],"wp:attachment":[{"href":"https:\/\/logistiikkakeskus.net\/kauppa\/wp-json\/wp\/v2\/media?parent=67698"}],"wp:term":[{"taxonomy":"product_brand","embeddable":true,"href":"https:\/\/logistiikkakeskus.net\/kauppa\/wp-json\/wp\/v2\/product_brand?post=67698"},{"taxonomy":"product_cat","embeddable":true,"href":"https:\/\/logistiikkakeskus.net\/kauppa\/wp-json\/wp\/v2\/product_cat?post=67698"},{"taxonomy":"product_tag","embeddable":true,"href":"https:\/\/logistiikkakeskus.net\/kauppa\/wp-json\/wp\/v2\/product_tag?post=67698"}],"curies":[{"name":"wp","href":"https:\/\/api.w.org\/{rel}","templated":true}]}}