{"id":67494,"date":"2022-12-01T08:54:54","date_gmt":"2022-12-01T08:54:54","guid":{"rendered":"https:\/\/logistiikkakeskus.net\/kauppa\/tuote\/mainosteline-a-sisatiloihin-70-x-100-cm\/"},"modified":"2025-10-15T10:14:22","modified_gmt":"2025-10-15T07:14:22","slug":"mainosteline-a-sisatiloihin-70-x-100-cm","status":"publish","type":"product","link":"https:\/\/logistiikkakeskus.net\/kauppa\/tuote\/mainosteline-a-sisatiloihin-70-x-100-cm\/","title":{"rendered":"Mainosteline A sis\u00e4tiloihin 70 x 100 cm"},"content":{"rendered":"<p>A-teline 70 x 100 cm, sis\u00e4k\u00e4ytt\u00f6\u00f6n tai sadesuojatuille alueille.Alumiinikehykset, kehyksen leveys 20 mm. UV-kest\u00e4v\u00e4t heijastamattomatsuojakalvot. Valmistettu Euroopassa.<\/p>\n","protected":false},"excerpt":{"rendered":"<p>A-teline 70 x 100 cm, sis\u00e4k\u00e4ytt\u00f6\u00f6n tai sadesuojatuille alueille.Alumiinikehykset, kehyksen leveys 20 mm. UV-kest\u00e4v\u00e4t heijastamattomatsuojakalvot. Valmistettu Euroopassa.<\/p>\n","protected":false},"featured_media":0,"comment_status":"open","ping_status":"closed","template":"","meta":[],"product_brand":[],"product_cat":[3123],"product_tag":[],"class_list":{"0":"post-67494","1":"product","2":"type-product","3":"status-publish","5":"product_cat-toimistotarvikkeet-kokoushuone-ja-kongressitarvikkeet-esitetelineet-ja-kehykset","7":"first","8":"instock","9":"shipping-taxable","10":"purchasable","11":"product-type-simple"},"_links":{"self":[{"href":"https:\/\/logistiikkakeskus.net\/kauppa\/wp-json\/wp\/v2\/product\/67494","targetHints":{"allow":["GET"]}}],"collection":[{"href":"https:\/\/logistiikkakeskus.net\/kauppa\/wp-json\/wp\/v2\/product"}],"about":[{"href":"https:\/\/logistiikkakeskus.net\/kauppa\/wp-json\/wp\/v2\/types\/product"}],"replies":[{"embeddable":true,"href":"https:\/\/logistiikkakeskus.net\/kauppa\/wp-json\/wp\/v2\/comments?post=67494"}],"wp:attachment":[{"href":"https:\/\/logistiikkakeskus.net\/kauppa\/wp-json\/wp\/v2\/media?parent=67494"}],"wp:term":[{"taxonomy":"product_brand","embeddable":true,"href":"https:\/\/logistiikkakeskus.net\/kauppa\/wp-json\/wp\/v2\/product_brand?post=67494"},{"taxonomy":"product_cat","embeddable":true,"href":"https:\/\/logistiikkakeskus.net\/kauppa\/wp-json\/wp\/v2\/product_cat?post=67494"},{"taxonomy":"product_tag","embeddable":true,"href":"https:\/\/logistiikkakeskus.net\/kauppa\/wp-json\/wp\/v2\/product_tag?post=67494"}],"curies":[{"name":"wp","href":"https:\/\/api.w.org\/{rel}","templated":true}]}}