{"id":67475,"date":"2022-12-01T08:54:44","date_gmt":"2022-12-01T08:54:44","guid":{"rendered":"https:\/\/logistiikkakeskus.net\/kauppa\/tuote\/sandberg-blue-storm-kuulokkeet-bt\/"},"modified":"2026-01-20T09:15:09","modified_gmt":"2026-01-20T07:15:09","slug":"sandberg-blue-storm-kuulokkeet-bt","status":"publish","type":"product","link":"https:\/\/logistiikkakeskus.net\/kauppa\/tuote\/sandberg-blue-storm-kuulokkeet-bt\/","title":{"rendered":"Vastamelukuulokkeet Bluetooth 5.3"},"content":{"rendered":"<p>Vastamelukuulokkeet Nedis Bluetooth 5.3<\/p>\n<p>Over-Ear kuulokkeet, joissa on pehmustettu, s\u00e4\u00e4dett\u00e4v\u00e4 panta japehme\u00e4t korvatyynyt. Korvakupit ovat k\u00e4\u00e4ntyv\u00e4t ja taitettavat.Hybridimelunvaimennuksella: ANC + ENC varmistaa, ett\u00e4 ymp\u00e4r\u00f6iv\u00e4t \u00e4\u00e4netv\u00e4henev\u00e4t. Musiikkia voi ohjata korvakuppien sivussa olevillapainikkeilla. Tukee Siri- ja Google Assistant-\u00e4\u00e4niohjausta.Sis\u00e4\u00e4nrakennettu mikrofoni. Latautuu 2 tunnissa mukana tulevalla USB-C-kaapelilla, toinen p\u00e4\u00e4 USB-A. 3.5 mm liit\u00e4n\u00e4ll\u00e4 varustettu- langallistenyhteyksien varalle. Bluetooth-kantama 10m Taajuusvaste 20 Hz-20KHz Akunkapasiteetti: 300mAh Li-Ion Suurin akun toimstoaika: 28 tuntia,valimiusaika 150 h ja latausaika 1,5 h Pakkaussis\u00e4lt\u00f6: Kuulokkeet,audiokaapeli 3,5 mm uros-uros, USB-C latauskaapeli, pikaopas<\/p>\n<p><i>Hakusanat: kuulokemikrofoni, vastamelukuuloke<\/i><\/p>\n","protected":false},"excerpt":{"rendered":"<p>Vastamelukuulokkeet Nedis Bluetooth 5.0<\/p>\n<p>Tukeva, taitettava muotoilu &#8211; mukavat sangat ja pehmusteet.Bluetoothv5.0 -yhteys langatonta \u00e4\u00e4nentoistoa varten 10 metrin kantamalla. 25dB:n aktiivinen melun vaimennus, joka vaimentaa h\u00e4iritsevi\u00e4 \u00e4\u00e4ni\u00e4 (esim.junien ja lentokoneiden \u00e4\u00e4ni\u00e4). Pikalataustoiminnon ansiosta saatk\u00e4ytt\u00f6aikaa jopa 5 tuntia vain 10 minuutin latauksella. Kristallinkirkas\u00e4\u00e4ni ja tasapainoinen basso. Liitett\u00e4viss\u00e4 \u00e4lypuhelimiin, tabletteihin,\u00e4lytelevisioihin ja muihin laitteisiin. Akun k\u00e4ytt\u00f6aika jopa 24 tuntia.Sis\u00e4lt\u00e4\u00e4 vara-audiokaapelin akun tyhjenemisen varalle. Sis\u00e4lt\u00e4\u00e4 k\u00e4tev\u00e4ns\u00e4ilytyskotelon, jossa kuulokkeet on hyv\u00e4 ottaa mukaan esimerkiksimatkalle ja latauskaapelin.<\/p>\n<p><i>Hakusanat: kuulokemikrofoni, vastamelukuuloke<\/i><\/p>\n","protected":false},"featured_media":101751,"comment_status":"open","ping_status":"closed","template":"","meta":[],"product_brand":[],"product_cat":[3247],"product_tag":[],"class_list":{"0":"post-67475","1":"product","2":"type-product","3":"status-publish","4":"has-post-thumbnail","6":"product_cat-it-toimisto-sahkolaitteet-ja-tarv-it-tarvikkeet-muut-it-tarvikkeet","8":"first","9":"instock","10":"shipping-taxable","11":"purchasable","12":"product-type-simple"},"_links":{"self":[{"href":"https:\/\/logistiikkakeskus.net\/kauppa\/wp-json\/wp\/v2\/product\/67475","targetHints":{"allow":["GET"]}}],"collection":[{"href":"https:\/\/logistiikkakeskus.net\/kauppa\/wp-json\/wp\/v2\/product"}],"about":[{"href":"https:\/\/logistiikkakeskus.net\/kauppa\/wp-json\/wp\/v2\/types\/product"}],"replies":[{"embeddable":true,"href":"https:\/\/logistiikkakeskus.net\/kauppa\/wp-json\/wp\/v2\/comments?post=67475"}],"wp:featuredmedia":[{"embeddable":true,"href":"https:\/\/logistiikkakeskus.net\/kauppa\/wp-json\/wp\/v2\/media\/101751"}],"wp:attachment":[{"href":"https:\/\/logistiikkakeskus.net\/kauppa\/wp-json\/wp\/v2\/media?parent=67475"}],"wp:term":[{"taxonomy":"product_brand","embeddable":true,"href":"https:\/\/logistiikkakeskus.net\/kauppa\/wp-json\/wp\/v2\/product_brand?post=67475"},{"taxonomy":"product_cat","embeddable":true,"href":"https:\/\/logistiikkakeskus.net\/kauppa\/wp-json\/wp\/v2\/product_cat?post=67475"},{"taxonomy":"product_tag","embeddable":true,"href":"https:\/\/logistiikkakeskus.net\/kauppa\/wp-json\/wp\/v2\/product_tag?post=67475"}],"curies":[{"name":"wp","href":"https:\/\/api.w.org\/{rel}","templated":true}]}}