{"id":67418,"date":"2022-12-01T08:54:23","date_gmt":"2022-12-01T08:54:23","guid":{"rendered":"https:\/\/logistiikkakeskus.net\/kauppa\/tuote\/jatkojohto-6-osainen-5-metria\/"},"modified":"2026-01-20T09:15:06","modified_gmt":"2026-01-20T07:15:06","slug":"jatkojohto-6-osainen-5-metria","status":"publish","type":"product","link":"https:\/\/logistiikkakeskus.net\/kauppa\/tuote\/jatkojohto-6-osainen-5-metria\/","title":{"rendered":"Jatkojohto 6-osainen, 5 metri\u00e4"},"content":{"rendered":"<h2>6-osainen jatkojohto, 5 metri\u00e4<\/h2>\n<ul>\n<li>Pituus: 5 m\n<li>Sis\u00e4k\u00e4ytt\u00f6\u00f6n\n<li>6 x maadoitettu\n<li>max. 3500W<\/ul>\n<p><i>Hakusanat: KASKO-ITC, ATK-tarvikkeet, jatkojohdot,kuusiosainen<\/i><\/p>\n","protected":false},"excerpt":{"rendered":"<p>6-osainen jatkojohto, 5 metri\u00e4 Pituus: 5 m Sis\u00e4k\u00e4ytt\u00f6\u00f6n 6 x maadoitettu max. 3500W Hakusanat: KASKO-ITC, ATK-tarvikkeet, jatkojohdot,kuusiosainen<\/p>\n","protected":false},"featured_media":101722,"comment_status":"open","ping_status":"closed","template":"","meta":[],"product_brand":[],"product_cat":[3260],"product_tag":[],"class_list":{"0":"post-67418","1":"product","2":"type-product","3":"status-publish","4":"has-post-thumbnail","6":"product_cat-it-toimisto-sahkolaitteet-ja-tarv-sahkolaitteet-ja-tarvikkeet-muut-sahkotarvikkeet","8":"first","9":"instock","10":"shipping-taxable","11":"purchasable","12":"product-type-simple"},"_links":{"self":[{"href":"https:\/\/logistiikkakeskus.net\/kauppa\/wp-json\/wp\/v2\/product\/67418","targetHints":{"allow":["GET"]}}],"collection":[{"href":"https:\/\/logistiikkakeskus.net\/kauppa\/wp-json\/wp\/v2\/product"}],"about":[{"href":"https:\/\/logistiikkakeskus.net\/kauppa\/wp-json\/wp\/v2\/types\/product"}],"replies":[{"embeddable":true,"href":"https:\/\/logistiikkakeskus.net\/kauppa\/wp-json\/wp\/v2\/comments?post=67418"}],"wp:featuredmedia":[{"embeddable":true,"href":"https:\/\/logistiikkakeskus.net\/kauppa\/wp-json\/wp\/v2\/media\/101722"}],"wp:attachment":[{"href":"https:\/\/logistiikkakeskus.net\/kauppa\/wp-json\/wp\/v2\/media?parent=67418"}],"wp:term":[{"taxonomy":"product_brand","embeddable":true,"href":"https:\/\/logistiikkakeskus.net\/kauppa\/wp-json\/wp\/v2\/product_brand?post=67418"},{"taxonomy":"product_cat","embeddable":true,"href":"https:\/\/logistiikkakeskus.net\/kauppa\/wp-json\/wp\/v2\/product_cat?post=67418"},{"taxonomy":"product_tag","embeddable":true,"href":"https:\/\/logistiikkakeskus.net\/kauppa\/wp-json\/wp\/v2\/product_tag?post=67418"}],"curies":[{"name":"wp","href":"https:\/\/api.w.org\/{rel}","templated":true}]}}