{"id":67356,"date":"2022-12-01T08:54:06","date_gmt":"2022-12-01T08:54:06","guid":{"rendered":"https:\/\/logistiikkakeskus.net\/kauppa\/tuote\/konferenssikaiutin-jabra-speak-750-ms\/"},"modified":"2026-01-20T09:15:04","modified_gmt":"2026-01-20T07:15:04","slug":"konferenssikaiutin-jabra-speak-750-ms","status":"publish","type":"product","link":"https:\/\/logistiikkakeskus.net\/kauppa\/tuote\/konferenssikaiutin-jabra-speak-750-ms\/","title":{"rendered":"Konferenssikaiutin Jabra SPEAK 750 MS"},"content":{"rendered":"<p>Premium-tasoinen Plug&#038;Play konferenssikaiutin 6-8 henkil\u00f6lle.T\u00e4ysikaksisuuntainen \u00e4\u00e4ni varmistaa viiveett\u00f6m\u00e4n ja luonnollisen keskustelunpalaverissasi. Voidaan liitt\u00e4\u00e4 tietokoneeseen USB-johdolla tailangattomasti mukana tulevalla USB-l\u00e4hettimell\u00e4, sek\u00e4 mobiiliinBluetoothilla. Kaksi laitetta voidaan yhdist\u00e4\u00e4 kesken\u00e4\u00e4n Bluetoothillaja n\u00e4in tuplata kattavuus. Teams-sertifioitu.<\/p>\n","protected":false},"excerpt":{"rendered":"<p>Premium-tasoinen Plug&#038;Play konferenssikaiutin 6-8 henkil\u00f6lle.T\u00e4ysikaksisuuntainen \u00e4\u00e4ni varmistaa viiveett\u00f6m\u00e4n ja luonnollisen keskustelunpalaverissasi. Voidaan liitt\u00e4\u00e4 tietokoneeseen USB-johdolla tailangattomasti mukana tulevalla USB-l\u00e4hettimell\u00e4, sek\u00e4 mobiiliinBluetoothilla. Kaksi laitetta voidaan yhdist\u00e4\u00e4 kesken\u00e4\u00e4n Bluetoothillaja n\u00e4in tuplata kattavuus. Teams-sertifioitu.<\/p>\n","protected":false},"featured_media":101696,"comment_status":"open","ping_status":"closed","template":"","meta":[],"product_brand":[],"product_cat":[3249],"product_tag":[],"class_list":{"0":"post-67356","1":"product","2":"type-product","3":"status-publish","4":"has-post-thumbnail","6":"product_cat-it-toimisto-sahkolaitteet-ja-tarv-it-tarvikkeet-tietokoneiden-oheislaitteet","8":"first","9":"instock","10":"shipping-taxable","11":"purchasable","12":"product-type-simple"},"_links":{"self":[{"href":"https:\/\/logistiikkakeskus.net\/kauppa\/wp-json\/wp\/v2\/product\/67356","targetHints":{"allow":["GET"]}}],"collection":[{"href":"https:\/\/logistiikkakeskus.net\/kauppa\/wp-json\/wp\/v2\/product"}],"about":[{"href":"https:\/\/logistiikkakeskus.net\/kauppa\/wp-json\/wp\/v2\/types\/product"}],"replies":[{"embeddable":true,"href":"https:\/\/logistiikkakeskus.net\/kauppa\/wp-json\/wp\/v2\/comments?post=67356"}],"wp:featuredmedia":[{"embeddable":true,"href":"https:\/\/logistiikkakeskus.net\/kauppa\/wp-json\/wp\/v2\/media\/101696"}],"wp:attachment":[{"href":"https:\/\/logistiikkakeskus.net\/kauppa\/wp-json\/wp\/v2\/media?parent=67356"}],"wp:term":[{"taxonomy":"product_brand","embeddable":true,"href":"https:\/\/logistiikkakeskus.net\/kauppa\/wp-json\/wp\/v2\/product_brand?post=67356"},{"taxonomy":"product_cat","embeddable":true,"href":"https:\/\/logistiikkakeskus.net\/kauppa\/wp-json\/wp\/v2\/product_cat?post=67356"},{"taxonomy":"product_tag","embeddable":true,"href":"https:\/\/logistiikkakeskus.net\/kauppa\/wp-json\/wp\/v2\/product_tag?post=67356"}],"curies":[{"name":"wp","href":"https:\/\/api.w.org\/{rel}","templated":true}]}}