{"id":67344,"date":"2022-12-01T08:54:02","date_gmt":"2022-12-01T08:54:02","guid":{"rendered":"https:\/\/logistiikkakeskus.net\/kauppa\/tuote\/kuulokemikrofoni-jabra-supreme-uc\/"},"modified":"2026-01-20T09:15:03","modified_gmt":"2026-01-20T07:15:03","slug":"kuulokemikrofoni-jabra-supreme-uc","status":"publish","type":"product","link":"https:\/\/logistiikkakeskus.net\/kauppa\/tuote\/kuulokemikrofoni-jabra-supreme-uc\/","title":{"rendered":"X Kuulokemikrofoni Jabra Supreme UC"},"content":{"rendered":"<h2>Jabra Supreme UC -bluetooth-kuulokemikrofoni<\/h2>\n<p>Henkil\u00f6kohtainen ja kevyt bluetooth- kuulokemikrofonimatkapuhelimenhandsfree-k\u00e4ytt\u00f6\u00f6n sek\u00e4 Skype-\/LYNC-viestint\u00e4\u00e4n.<\/p>\n<p><b>Ominaisuudet:<\/b><\/p>\n<ul>\n<li>Korvan taakse kiinnitett\u00e4v\u00e4 bluetooth-kuulokepuomi-mikrofonilla\n<li>Todella kevyt (n. 18 grammaa)\n<li>Ladattava akku (puheaika 6h, valmiusaika 360h)\n<li>Vastaus\/lopetuspainike ja \u00e4\u00e4nenvoimakkuuss\u00e4\u00e4timet\n<li>Kuuloke toimii kahden bluetooth-laiteen kanssa samanaikaisesti\n<li>Mukana  p\u00f6yt\u00e4konetta varten esiparitettu USB\/bluetooth-sovitin<\/ul>\n<p><i>hakusanat: lync-kuuloke, skype, lync-kuulokkeet,lync-headset, bluetooth-kuuloke, handsfree-kuuloke<\/i><\/p>\n","protected":false},"excerpt":{"rendered":"<p>Jabra Supreme UC -bluetooth-kuulokemikrofoni Henkil\u00f6kohtainen ja kevyt bluetooth- kuulokemikrofonimatkapuhelimenhandsfree-k\u00e4ytt\u00f6\u00f6n sek\u00e4 Skype-\/LYNC-viestint\u00e4\u00e4n. Ominaisuudet: Korvan taakse kiinnitett\u00e4v\u00e4 bluetooth-kuulokepuomi-mikrofonilla Todella kevyt (n. 18 grammaa) Ladattava akku (puheaika 6h, valmiusaika 360h) Vastaus\/lopetuspainike ja \u00e4\u00e4nenvoimakkuuss\u00e4\u00e4timet Kuuloke toimii kahden bluetooth-laiteen kanssa samanaikaisesti Mukana p\u00f6yt\u00e4konetta varten esiparitettu USB\/bluetooth-sovitin hakusanat: lync-kuuloke, skype, lync-kuulokkeet,lync-headset, bluetooth-kuuloke, handsfree-kuuloke<\/p>\n","protected":false},"featured_media":101691,"comment_status":"open","ping_status":"closed","template":"","meta":[],"product_brand":[],"product_cat":[3249],"product_tag":[],"class_list":{"0":"post-67344","1":"product","2":"type-product","3":"status-publish","4":"has-post-thumbnail","6":"product_cat-it-toimisto-sahkolaitteet-ja-tarv-it-tarvikkeet-tietokoneiden-oheislaitteet","8":"first","9":"instock","10":"shipping-taxable","11":"purchasable","12":"product-type-simple"},"_links":{"self":[{"href":"https:\/\/logistiikkakeskus.net\/kauppa\/wp-json\/wp\/v2\/product\/67344","targetHints":{"allow":["GET"]}}],"collection":[{"href":"https:\/\/logistiikkakeskus.net\/kauppa\/wp-json\/wp\/v2\/product"}],"about":[{"href":"https:\/\/logistiikkakeskus.net\/kauppa\/wp-json\/wp\/v2\/types\/product"}],"replies":[{"embeddable":true,"href":"https:\/\/logistiikkakeskus.net\/kauppa\/wp-json\/wp\/v2\/comments?post=67344"}],"wp:featuredmedia":[{"embeddable":true,"href":"https:\/\/logistiikkakeskus.net\/kauppa\/wp-json\/wp\/v2\/media\/101691"}],"wp:attachment":[{"href":"https:\/\/logistiikkakeskus.net\/kauppa\/wp-json\/wp\/v2\/media?parent=67344"}],"wp:term":[{"taxonomy":"product_brand","embeddable":true,"href":"https:\/\/logistiikkakeskus.net\/kauppa\/wp-json\/wp\/v2\/product_brand?post=67344"},{"taxonomy":"product_cat","embeddable":true,"href":"https:\/\/logistiikkakeskus.net\/kauppa\/wp-json\/wp\/v2\/product_cat?post=67344"},{"taxonomy":"product_tag","embeddable":true,"href":"https:\/\/logistiikkakeskus.net\/kauppa\/wp-json\/wp\/v2\/product_tag?post=67344"}],"curies":[{"name":"wp","href":"https:\/\/api.w.org\/{rel}","templated":true}]}}