{"id":67340,"date":"2022-12-01T08:54:01","date_gmt":"2022-12-01T08:54:01","guid":{"rendered":"https:\/\/logistiikkakeskus.net\/kauppa\/tuote\/kuulokemikrofoni-logitech-h111-3-5-mm\/"},"modified":"2026-01-20T09:15:03","modified_gmt":"2026-01-20T07:15:03","slug":"kuulokemikrofoni-logitech-h111-3-5-mm","status":"publish","type":"product","link":"https:\/\/logistiikkakeskus.net\/kauppa\/tuote\/kuulokemikrofoni-logitech-h111-3-5-mm\/","title":{"rendered":"Kuulokemikrofoni Logitech H111 (3.5 mm)"},"content":{"rendered":"<p>Kuulokemikrofoni yritysk\u00e4ytt\u00f6\u00f6n muun muassa \u00e4\u00e4ni- ja Skype-puheluihinsek\u00e4 webinaareihin. 235 cm:n mittainen johto on juuri oikean pituinen:sen ansiosta voit vapaasti seist\u00e4 ja venytell\u00e4 pitkien keskustelujenaikana. Sis\u00e4lt\u00e4\u00e4 3,5 mm:n \u00e4\u00e4niliit\u00e4nn\u00e4n, joka on yhteensopiva useimpienk\u00e4ytt\u00f6j\u00e4rjestelmien ja alustojen kanssa.<\/p>\n","protected":false},"excerpt":{"rendered":"<p>Kuulokemikrofoni yritysk\u00e4ytt\u00f6\u00f6n muun muassa \u00e4\u00e4ni- ja Skype-puheluihinsek\u00e4 webinaareihin. 235 cm:n mittainen johto on juuri oikean pituinen:sen ansiosta voit vapaasti seist\u00e4 ja venytell\u00e4 pitkien keskustelujenaikana. Sis\u00e4lt\u00e4\u00e4 3,5 mm:n \u00e4\u00e4niliit\u00e4nn\u00e4n, joka on yhteensopiva useimpienk\u00e4ytt\u00f6j\u00e4rjestelmien ja alustojen kanssa.<\/p>\n","protected":false},"featured_media":101690,"comment_status":"open","ping_status":"closed","template":"","meta":[],"product_brand":[],"product_cat":[3249],"product_tag":[],"class_list":{"0":"post-67340","1":"product","2":"type-product","3":"status-publish","4":"has-post-thumbnail","6":"product_cat-it-toimisto-sahkolaitteet-ja-tarv-it-tarvikkeet-tietokoneiden-oheislaitteet","8":"first","9":"instock","10":"shipping-taxable","11":"purchasable","12":"product-type-simple"},"_links":{"self":[{"href":"https:\/\/logistiikkakeskus.net\/kauppa\/wp-json\/wp\/v2\/product\/67340","targetHints":{"allow":["GET"]}}],"collection":[{"href":"https:\/\/logistiikkakeskus.net\/kauppa\/wp-json\/wp\/v2\/product"}],"about":[{"href":"https:\/\/logistiikkakeskus.net\/kauppa\/wp-json\/wp\/v2\/types\/product"}],"replies":[{"embeddable":true,"href":"https:\/\/logistiikkakeskus.net\/kauppa\/wp-json\/wp\/v2\/comments?post=67340"}],"wp:featuredmedia":[{"embeddable":true,"href":"https:\/\/logistiikkakeskus.net\/kauppa\/wp-json\/wp\/v2\/media\/101690"}],"wp:attachment":[{"href":"https:\/\/logistiikkakeskus.net\/kauppa\/wp-json\/wp\/v2\/media?parent=67340"}],"wp:term":[{"taxonomy":"product_brand","embeddable":true,"href":"https:\/\/logistiikkakeskus.net\/kauppa\/wp-json\/wp\/v2\/product_brand?post=67340"},{"taxonomy":"product_cat","embeddable":true,"href":"https:\/\/logistiikkakeskus.net\/kauppa\/wp-json\/wp\/v2\/product_cat?post=67340"},{"taxonomy":"product_tag","embeddable":true,"href":"https:\/\/logistiikkakeskus.net\/kauppa\/wp-json\/wp\/v2\/product_tag?post=67340"}],"curies":[{"name":"wp","href":"https:\/\/api.w.org\/{rel}","templated":true}]}}