{"id":67336,"date":"2022-12-01T08:53:59","date_gmt":"2022-12-01T08:53:59","guid":{"rendered":"https:\/\/logistiikkakeskus.net\/kauppa\/tuote\/nappaimistohiiri-mk520-langaton\/"},"modified":"2026-01-20T09:15:03","modified_gmt":"2026-01-20T07:15:03","slug":"nappaimistohiiri-mk520-langaton","status":"publish","type":"product","link":"https:\/\/logistiikkakeskus.net\/kauppa\/tuote\/nappaimistohiiri-mk520-langaton\/","title":{"rendered":"N\u00e4pp\u00e4imist\u00f6+hiiri MK540 (langaton)"},"content":{"rendered":"<h2>Langaton n\u00e4pp\u00e4imist\u00f6\/hiiriyhdistelm\u00e4 MK540 Advance, musta<\/h2>\n<p>MK540 Advanced on v\u00e4litt\u00f6m\u00e4sti tutun tuntuinen n\u00e4pp\u00e4imist\u00f6n jahiirenyhdistelm\u00e4, joka on tarkka, luotettava ja mukava k\u00e4ytt\u00e4\u00e4. T\u00e4ysikokoinenn\u00e4pp\u00e4imist\u00f6 on entist\u00e4 tarkempi ja hiljaisempi. Rannetuki jas\u00e4\u00e4dett\u00e4v\u00e4t, taittuvat jalat takaavat k\u00e4ytt\u00f6mukavuuden pitkienkinty\u00f6rupeamien ajan, ja sulavalinjainen hiiri sopii t\u00e4ydellisestikumpaankin k\u00e4mmeneen.<\/p>\n<ul>\n<li>T\u00e4ysikokoinen n\u00e4pp\u00e4imist\u00f6 Suomi\/Ruotsi-merkist\u00f6asettelulla\n<li>Paristojen k\u00e4ytt\u00f6ik\u00e4 36 kk (n\u00e4pp\u00e4imist\u00f6) ja 18 kk (hiiri)\n<li>Pakkaus sis\u00e4lt\u00e4\u00e4: n\u00e4pp\u00e4imist\u00f6, hiiri, usb-vastaanotin,AA-paristot<\/ul>\n<p><i>Hakusanat: ATK-tarvikkeet, keyboard, n\u00e4pp\u00e4imist\u00f6t<\/i><\/p>\n","protected":false},"excerpt":{"rendered":"<p>Langaton n\u00e4pp\u00e4imist\u00f6\/hiiriyhdistelm\u00e4 MK540 Advance, musta MK540 Advanced on v\u00e4litt\u00f6m\u00e4sti tutun tuntuinen n\u00e4pp\u00e4imist\u00f6n jahiirenyhdistelm\u00e4, joka on tarkka, luotettava ja mukava k\u00e4ytt\u00e4\u00e4. T\u00e4ysikokoinenn\u00e4pp\u00e4imist\u00f6 on entist\u00e4 tarkempi ja hiljaisempi. Rannetuki jas\u00e4\u00e4dett\u00e4v\u00e4t, taittuvat jalat takaavat k\u00e4ytt\u00f6mukavuuden pitkienkinty\u00f6rupeamien ajan, ja sulavalinjainen hiiri sopii t\u00e4ydellisestikumpaankin k\u00e4mmeneen. T\u00e4ysikokoinen n\u00e4pp\u00e4imist\u00f6 Suomi\/Ruotsi-merkist\u00f6asettelulla Paristojen k\u00e4ytt\u00f6ik\u00e4 36 kk (n\u00e4pp\u00e4imist\u00f6) ja 18 kk (hiiri) Pakkaus sis\u00e4lt\u00e4\u00e4: n\u00e4pp\u00e4imist\u00f6, [&hellip;]<\/p>\n","protected":false},"featured_media":101687,"comment_status":"open","ping_status":"closed","template":"","meta":[],"product_brand":[],"product_cat":[3249],"product_tag":[],"class_list":{"0":"post-67336","1":"product","2":"type-product","3":"status-publish","4":"has-post-thumbnail","6":"product_cat-it-toimisto-sahkolaitteet-ja-tarv-it-tarvikkeet-tietokoneiden-oheislaitteet","8":"first","9":"instock","10":"shipping-taxable","11":"purchasable","12":"product-type-simple"},"_links":{"self":[{"href":"https:\/\/logistiikkakeskus.net\/kauppa\/wp-json\/wp\/v2\/product\/67336","targetHints":{"allow":["GET"]}}],"collection":[{"href":"https:\/\/logistiikkakeskus.net\/kauppa\/wp-json\/wp\/v2\/product"}],"about":[{"href":"https:\/\/logistiikkakeskus.net\/kauppa\/wp-json\/wp\/v2\/types\/product"}],"replies":[{"embeddable":true,"href":"https:\/\/logistiikkakeskus.net\/kauppa\/wp-json\/wp\/v2\/comments?post=67336"}],"wp:featuredmedia":[{"embeddable":true,"href":"https:\/\/logistiikkakeskus.net\/kauppa\/wp-json\/wp\/v2\/media\/101687"}],"wp:attachment":[{"href":"https:\/\/logistiikkakeskus.net\/kauppa\/wp-json\/wp\/v2\/media?parent=67336"}],"wp:term":[{"taxonomy":"product_brand","embeddable":true,"href":"https:\/\/logistiikkakeskus.net\/kauppa\/wp-json\/wp\/v2\/product_brand?post=67336"},{"taxonomy":"product_cat","embeddable":true,"href":"https:\/\/logistiikkakeskus.net\/kauppa\/wp-json\/wp\/v2\/product_cat?post=67336"},{"taxonomy":"product_tag","embeddable":true,"href":"https:\/\/logistiikkakeskus.net\/kauppa\/wp-json\/wp\/v2\/product_tag?post=67336"}],"curies":[{"name":"wp","href":"https:\/\/api.w.org\/{rel}","templated":true}]}}