{"id":67318,"date":"2022-12-01T08:53:54","date_gmt":"2022-12-01T08:53:54","guid":{"rendered":"https:\/\/logistiikkakeskus.net\/kauppa\/tuote\/hiiriohjain-mousetrapper-advance-2\/"},"modified":"2026-01-20T09:15:02","modified_gmt":"2026-01-20T07:15:02","slug":"hiiriohjain-mousetrapper-advance-2","status":"publish","type":"product","link":"https:\/\/logistiikkakeskus.net\/kauppa\/tuote\/hiiriohjain-mousetrapper-advance-2\/","title":{"rendered":"Hiiriohjain Mousetrapper Advance 2"},"content":{"rendered":"<p>Ergonominen hiiriohjain \u00e4lykk\u00e4ill\u00e4 ominaisuuksilla, joka mahdollistaahiirity\u00f6skentelyn molemmilla k\u00e4sill\u00e4. Tasapainoinen, k\u00e4det l\u00e4hell\u00e4vartaloa pit\u00e4v\u00e4 ty\u00f6asento ehk\u00e4isee hiirik\u00e4sivaivoja. Ty\u00f6t\u00e4 tehostavatkopioi ja liit\u00e4 toiminnot, kaksoisnapautus sek\u00e4 vierityspainikkeetvoidaan ohjelmoida halutuilla toiminnoilla. Klikkaus- javieritystoiminnoilla varustettu uniikki, tekstiilipintainen ohjainmattomahdollistaa tarkan ja tehokkaan hiirity\u00f6skentelyn.<\/p>\n","protected":false},"excerpt":{"rendered":"<p>Ergonominen hiiriohjain \u00e4lykk\u00e4ill\u00e4 ominaisuuksilla, joka mahdollistaahiirity\u00f6skentelyn molemmilla k\u00e4sill\u00e4. Tasapainoinen, k\u00e4det l\u00e4hell\u00e4vartaloa pit\u00e4v\u00e4 ty\u00f6asento ehk\u00e4isee hiirik\u00e4sivaivoja. Ty\u00f6t\u00e4 tehostavatkopioi ja liit\u00e4 toiminnot, kaksoisnapautus sek\u00e4 vierityspainikkeetvoidaan ohjelmoida halutuilla toiminnoilla. Klikkaus- javieritystoiminnoilla varustettu uniikki, tekstiilipintainen ohjainmattomahdollistaa tarkan ja tehokkaan hiirity\u00f6skentelyn.<\/p>\n","protected":false},"featured_media":101679,"comment_status":"open","ping_status":"closed","template":"","meta":[],"product_brand":[],"product_cat":[3249],"product_tag":[],"class_list":{"0":"post-67318","1":"product","2":"type-product","3":"status-publish","4":"has-post-thumbnail","6":"product_cat-it-toimisto-sahkolaitteet-ja-tarv-it-tarvikkeet-tietokoneiden-oheislaitteet","8":"first","9":"instock","10":"shipping-taxable","11":"purchasable","12":"product-type-simple"},"_links":{"self":[{"href":"https:\/\/logistiikkakeskus.net\/kauppa\/wp-json\/wp\/v2\/product\/67318","targetHints":{"allow":["GET"]}}],"collection":[{"href":"https:\/\/logistiikkakeskus.net\/kauppa\/wp-json\/wp\/v2\/product"}],"about":[{"href":"https:\/\/logistiikkakeskus.net\/kauppa\/wp-json\/wp\/v2\/types\/product"}],"replies":[{"embeddable":true,"href":"https:\/\/logistiikkakeskus.net\/kauppa\/wp-json\/wp\/v2\/comments?post=67318"}],"wp:featuredmedia":[{"embeddable":true,"href":"https:\/\/logistiikkakeskus.net\/kauppa\/wp-json\/wp\/v2\/media\/101679"}],"wp:attachment":[{"href":"https:\/\/logistiikkakeskus.net\/kauppa\/wp-json\/wp\/v2\/media?parent=67318"}],"wp:term":[{"taxonomy":"product_brand","embeddable":true,"href":"https:\/\/logistiikkakeskus.net\/kauppa\/wp-json\/wp\/v2\/product_brand?post=67318"},{"taxonomy":"product_cat","embeddable":true,"href":"https:\/\/logistiikkakeskus.net\/kauppa\/wp-json\/wp\/v2\/product_cat?post=67318"},{"taxonomy":"product_tag","embeddable":true,"href":"https:\/\/logistiikkakeskus.net\/kauppa\/wp-json\/wp\/v2\/product_tag?post=67318"}],"curies":[{"name":"wp","href":"https:\/\/api.w.org\/{rel}","templated":true}]}}