{"id":67282,"date":"2022-12-01T08:53:43","date_gmt":"2022-12-01T08:53:43","guid":{"rendered":"https:\/\/logistiikkakeskus.net\/kauppa\/tuote\/tietoturvasuoja-133-294-x-166-mm\/"},"modified":"2026-01-20T09:15:00","modified_gmt":"2026-01-20T07:15:00","slug":"tietoturvasuoja-133-294-x-166-mm","status":"publish","type":"product","link":"https:\/\/logistiikkakeskus.net\/kauppa\/tuote\/tietoturvasuoja-133-294-x-166-mm\/","title":{"rendered":"Tietoturvasuoja 13,3&#8243; (294 x 165,5 mm)"},"content":{"rendered":"<p>PrivacyFilter n\u00e4yt\u00f6n suojalla suojaat n\u00e4ytt\u00f6si ja saat ty\u00f6rauhanitsellesi. N\u00e4yt\u00f6nsuoja soveltuu my\u00f6s kosketusn\u00e4yt\u00f6ille. Toinen puolikiilt\u00e4v\u00e4, toinen matta Tietoturvasuoja v\u00e4hent\u00e4\u00e4 51% (\u00b1 5%) sinisenvalonl\u00e4p\u00e4isyst\u00e4. Helppo kiinnitt\u00e4\u00e4, irrottaa , putsata ja kiinnitt\u00e4\u00e4uudelleen. koko: 294mm x 165,5mm<\/p>\n","protected":false},"excerpt":{"rendered":"<p>PrivacyFilter n\u00e4yt\u00f6n suojalla suojaat n\u00e4ytt\u00f6si ja saat ty\u00f6rauhanitsellesi. N\u00e4yt\u00f6nsuoja soveltuu my\u00f6s kosketusn\u00e4yt\u00f6ille. Toinen puolikiilt\u00e4v\u00e4, toinen matta Tietoturvasuoja v\u00e4hent\u00e4\u00e4 51% (\u00b1 5%) sinisenvalonl\u00e4p\u00e4isyst\u00e4. Helppo kiinnitt\u00e4\u00e4, irrottaa , putsata ja kiinnitt\u00e4\u00e4uudelleen. koko: 294mm x 165,5mm<\/p>\n","protected":false},"featured_media":101662,"comment_status":"open","ping_status":"closed","template":"","meta":[],"product_brand":[],"product_cat":[3247],"product_tag":[],"class_list":{"0":"post-67282","1":"product","2":"type-product","3":"status-publish","4":"has-post-thumbnail","6":"product_cat-it-toimisto-sahkolaitteet-ja-tarv-it-tarvikkeet-muut-it-tarvikkeet","8":"first","9":"instock","10":"shipping-taxable","11":"purchasable","12":"product-type-simple"},"_links":{"self":[{"href":"https:\/\/logistiikkakeskus.net\/kauppa\/wp-json\/wp\/v2\/product\/67282","targetHints":{"allow":["GET"]}}],"collection":[{"href":"https:\/\/logistiikkakeskus.net\/kauppa\/wp-json\/wp\/v2\/product"}],"about":[{"href":"https:\/\/logistiikkakeskus.net\/kauppa\/wp-json\/wp\/v2\/types\/product"}],"replies":[{"embeddable":true,"href":"https:\/\/logistiikkakeskus.net\/kauppa\/wp-json\/wp\/v2\/comments?post=67282"}],"wp:featuredmedia":[{"embeddable":true,"href":"https:\/\/logistiikkakeskus.net\/kauppa\/wp-json\/wp\/v2\/media\/101662"}],"wp:attachment":[{"href":"https:\/\/logistiikkakeskus.net\/kauppa\/wp-json\/wp\/v2\/media?parent=67282"}],"wp:term":[{"taxonomy":"product_brand","embeddable":true,"href":"https:\/\/logistiikkakeskus.net\/kauppa\/wp-json\/wp\/v2\/product_brand?post=67282"},{"taxonomy":"product_cat","embeddable":true,"href":"https:\/\/logistiikkakeskus.net\/kauppa\/wp-json\/wp\/v2\/product_cat?post=67282"},{"taxonomy":"product_tag","embeddable":true,"href":"https:\/\/logistiikkakeskus.net\/kauppa\/wp-json\/wp\/v2\/product_tag?post=67282"}],"curies":[{"name":"wp","href":"https:\/\/api.w.org\/{rel}","templated":true}]}}