{"id":67266,"date":"2022-12-01T08:53:38","date_gmt":"2022-12-01T08:53:38","guid":{"rendered":"https:\/\/logistiikkakeskus.net\/kauppa\/tuote\/cd-r-levy-700-mt-50-kpl\/"},"modified":"2025-03-25T14:36:23","modified_gmt":"2025-03-25T12:36:23","slug":"cd-r-levy-700-mt-50-kpl","status":"publish","type":"product","link":"https:\/\/logistiikkakeskus.net\/kauppa\/tuote\/cd-r-levy-700-mt-50-kpl\/","title":{"rendered":"CD-R-levy 700 Mt (50 kpl)"},"content":{"rendered":"<h2>CD-R-levy 80 min \/ 700 Mt 52x, 50 kpl<\/h2>\n<p>Kerran kirjoitettava CD-R-levy, jossa kapasiteetti 700megatavuatietoa tai 80 minuuttia audiota.<\/p>\n<ul>\n<li>Rasiassa 50 levy\u00e4\n<li>Levyt ovat p\u00e4\u00e4llekk\u00e4in spindless\u00e4, ilman omia koteloita\n<li>Maksimi polttonopeus 52x<\/ul>\n<p><i>Hakusanat: tallennuslevyt, cdr-levyt, disketti,cd-r-aihiot, cdr-aihiot, cd-r-levyt, laserdisc, spindle, kertakirjoitteinen, cd-levyt,cd-aihiot, tallennusmediat<\/i><\/p>\n","protected":false},"excerpt":{"rendered":"<p>CD-R-levy 80 min \/ 700 Mt 52x, 50 kpl Kerran kirjoitettava CD-R-levy, jossa kapasiteetti 700megatavuatietoa tai 80 minuuttia audiota. Rasiassa 50 levy\u00e4 Levyt ovat p\u00e4\u00e4llekk\u00e4in spindless\u00e4, ilman omia koteloita Maksimi polttonopeus 52x Hakusanat: tallennuslevyt, cdr-levyt, disketti,cd-r-aihiot, cdr-aihiot, cd-r-levyt, laserdisc, spindle, kertakirjoitteinen, cd-levyt,cd-aihiot, tallennusmediat<\/p>\n","protected":false},"featured_media":0,"comment_status":"open","ping_status":"closed","template":"","meta":[],"product_brand":[],"product_cat":[3255],"product_tag":[],"class_list":{"0":"post-67266","1":"product","2":"type-product","3":"status-publish","5":"product_cat-it-toimisto-sahkolaitteet-ja-tarv-tallennusmediat-cd-ja-dvd-levyt","7":"first","8":"instock","9":"shipping-taxable","10":"purchasable","11":"product-type-simple"},"_links":{"self":[{"href":"https:\/\/logistiikkakeskus.net\/kauppa\/wp-json\/wp\/v2\/product\/67266","targetHints":{"allow":["GET"]}}],"collection":[{"href":"https:\/\/logistiikkakeskus.net\/kauppa\/wp-json\/wp\/v2\/product"}],"about":[{"href":"https:\/\/logistiikkakeskus.net\/kauppa\/wp-json\/wp\/v2\/types\/product"}],"replies":[{"embeddable":true,"href":"https:\/\/logistiikkakeskus.net\/kauppa\/wp-json\/wp\/v2\/comments?post=67266"}],"wp:attachment":[{"href":"https:\/\/logistiikkakeskus.net\/kauppa\/wp-json\/wp\/v2\/media?parent=67266"}],"wp:term":[{"taxonomy":"product_brand","embeddable":true,"href":"https:\/\/logistiikkakeskus.net\/kauppa\/wp-json\/wp\/v2\/product_brand?post=67266"},{"taxonomy":"product_cat","embeddable":true,"href":"https:\/\/logistiikkakeskus.net\/kauppa\/wp-json\/wp\/v2\/product_cat?post=67266"},{"taxonomy":"product_tag","embeddable":true,"href":"https:\/\/logistiikkakeskus.net\/kauppa\/wp-json\/wp\/v2\/product_tag?post=67266"}],"curies":[{"name":"wp","href":"https:\/\/api.w.org\/{rel}","templated":true}]}}