{"id":67260,"date":"2022-12-01T08:53:37","date_gmt":"2022-12-01T08:53:37","guid":{"rendered":"https:\/\/logistiikkakeskus.net\/kauppa\/tuote\/dvd-kotelo-1-os-musta\/"},"modified":"2025-03-25T14:36:23","modified_gmt":"2025-03-25T12:36:23","slug":"dvd-kotelo-1-os-musta","status":"publish","type":"product","link":"https:\/\/logistiikkakeskus.net\/kauppa\/tuote\/dvd-kotelo-1-os-musta\/","title":{"rendered":"Dvd-kotelo 1-os. musta"},"content":{"rendered":"<p>CD\/DVD -muovikotelo Fellowes 149111 Slimline, 25kpl\/pkt Lis\u00e4tiedot:Fellowesin ohut CD\/DVD s\u00e4ilytys ja kuljetuskotelo. Kotelo on kest\u00e4v\u00e4\u00e4 PP-materiaali. 25 kpl\/pakkaus.Lyhyt selite:  CD\/DVD -muovikotelo Fellowes.Myyntier\u00e4:1 KPL. Valmistaja\/valmistuttaja: RCK FINLAND<\/p>\n","protected":false},"excerpt":{"rendered":"<p>CD\/DVD -muovikotelo Fellowes 149111 Slimline, 25kpl\/pkt Lis\u00e4tiedot:Fellowesin ohut CD\/DVD s\u00e4ilytys ja kuljetuskotelo. Kotelo on kest\u00e4v\u00e4\u00e4 PP-materiaali. 25 kpl\/pakkaus.Lyhyt selite: CD\/DVD -muovikotelo Fellowes.Myyntier\u00e4:1 KPL. Valmistaja\/valmistuttaja: RCK FINLAND<\/p>\n","protected":false},"featured_media":0,"comment_status":"open","ping_status":"closed","template":"","meta":[],"product_brand":[],"product_cat":[3253],"product_tag":[],"class_list":{"0":"post-67260","1":"product","2":"type-product","3":"status-publish","5":"product_cat-it-toimisto-sahkolaitteet-ja-tarv-tallennusmediat-cd-ja-dvd-kotelot","7":"first","8":"instock","9":"shipping-taxable","10":"purchasable","11":"product-type-simple"},"_links":{"self":[{"href":"https:\/\/logistiikkakeskus.net\/kauppa\/wp-json\/wp\/v2\/product\/67260","targetHints":{"allow":["GET"]}}],"collection":[{"href":"https:\/\/logistiikkakeskus.net\/kauppa\/wp-json\/wp\/v2\/product"}],"about":[{"href":"https:\/\/logistiikkakeskus.net\/kauppa\/wp-json\/wp\/v2\/types\/product"}],"replies":[{"embeddable":true,"href":"https:\/\/logistiikkakeskus.net\/kauppa\/wp-json\/wp\/v2\/comments?post=67260"}],"wp:attachment":[{"href":"https:\/\/logistiikkakeskus.net\/kauppa\/wp-json\/wp\/v2\/media?parent=67260"}],"wp:term":[{"taxonomy":"product_brand","embeddable":true,"href":"https:\/\/logistiikkakeskus.net\/kauppa\/wp-json\/wp\/v2\/product_brand?post=67260"},{"taxonomy":"product_cat","embeddable":true,"href":"https:\/\/logistiikkakeskus.net\/kauppa\/wp-json\/wp\/v2\/product_cat?post=67260"},{"taxonomy":"product_tag","embeddable":true,"href":"https:\/\/logistiikkakeskus.net\/kauppa\/wp-json\/wp\/v2\/product_tag?post=67260"}],"curies":[{"name":"wp","href":"https:\/\/api.w.org\/{rel}","templated":true}]}}