{"id":67258,"date":"2022-12-01T08:53:36","date_gmt":"2022-12-01T08:53:36","guid":{"rendered":"https:\/\/logistiikkakeskus.net\/kauppa\/tuote\/cd-kotelo-1-os-tray-kirkas\/"},"modified":"2025-03-25T14:36:23","modified_gmt":"2025-03-25T12:36:23","slug":"cd-kotelo-1-os-tray-kirkas","status":"publish","type":"product","link":"https:\/\/logistiikkakeskus.net\/kauppa\/tuote\/cd-kotelo-1-os-tray-kirkas\/","title":{"rendered":"Cd-kotelo 1-os. (+tray) kirkas"},"content":{"rendered":"<p>Myyntiyksikk\u00f6 KPL      Ryhm\u00e4pakkaus 200kpl\/ltk <\/p>\n<h2>CD-kotelo, kirkaskiinnityspohjalla (jewel + tray)<\/h2>\n<ul><b>Ominaisuudet:<\/b><\/p>\n<li>l\u00e4pin\u00e4kyv\u00e4kansi, musta tray\n<li>yhdelle CD-levylle <\/p>\n<p><i>Toimittajan tuotenro. tnro.073 Haustechnik FI Oy <br \/>Hakusanat:cd-kotelot, cd-suojus , dvd-k otelot, bd-kotelot, blu-ray-kotelot,dvd-suojus, cd-suojakotelot, dvd-suojakotelot, KIRJASTO-tuote<\/i><\/p>\n","protected":false},"excerpt":{"rendered":"<p>Myyntiyksikk\u00f6 KPL Ryhm\u00e4pakkaus 200kpl\/ltk CD-kotelo, kirkaskiinnityspohjalla (jewel + tray) Ominaisuudet: l\u00e4pin\u00e4kyv\u00e4kansi, musta tray yhdelle CD-levylle Toimittajan tuotenro. tnro.073 Haustechnik FI Oy Hakusanat:cd-kotelot, cd-suojus , dvd-k otelot, bd-kotelot, blu-ray-kotelot,dvd-suojus, cd-suojakotelot, dvd-suojakotelot, KIRJASTO-tuote<\/p>\n","protected":false},"featured_media":0,"comment_status":"open","ping_status":"closed","template":"","meta":[],"product_brand":[],"product_cat":[3253],"product_tag":[],"class_list":{"0":"post-67258","1":"product","2":"type-product","3":"status-publish","5":"product_cat-it-toimisto-sahkolaitteet-ja-tarv-tallennusmediat-cd-ja-dvd-kotelot","7":"first","8":"instock","9":"shipping-taxable","10":"purchasable","11":"product-type-simple"},"_links":{"self":[{"href":"https:\/\/logistiikkakeskus.net\/kauppa\/wp-json\/wp\/v2\/product\/67258","targetHints":{"allow":["GET"]}}],"collection":[{"href":"https:\/\/logistiikkakeskus.net\/kauppa\/wp-json\/wp\/v2\/product"}],"about":[{"href":"https:\/\/logistiikkakeskus.net\/kauppa\/wp-json\/wp\/v2\/types\/product"}],"replies":[{"embeddable":true,"href":"https:\/\/logistiikkakeskus.net\/kauppa\/wp-json\/wp\/v2\/comments?post=67258"}],"wp:attachment":[{"href":"https:\/\/logistiikkakeskus.net\/kauppa\/wp-json\/wp\/v2\/media?parent=67258"}],"wp:term":[{"taxonomy":"product_brand","embeddable":true,"href":"https:\/\/logistiikkakeskus.net\/kauppa\/wp-json\/wp\/v2\/product_brand?post=67258"},{"taxonomy":"product_cat","embeddable":true,"href":"https:\/\/logistiikkakeskus.net\/kauppa\/wp-json\/wp\/v2\/product_cat?post=67258"},{"taxonomy":"product_tag","embeddable":true,"href":"https:\/\/logistiikkakeskus.net\/kauppa\/wp-json\/wp\/v2\/product_tag?post=67258"}],"curies":[{"name":"wp","href":"https:\/\/api.w.org\/{rel}","templated":true}]}}