{"id":67244,"date":"2022-12-01T08:53:32","date_gmt":"2022-12-01T08:53:32","guid":{"rendered":"https:\/\/logistiikkakeskus.net\/kauppa\/tuote\/sauvaparisto-1-5v-lr14c2\/"},"modified":"2026-01-20T09:14:58","modified_gmt":"2026-01-20T07:14:58","slug":"sauvaparisto-1-5v-lr14c2","status":"publish","type":"product","link":"https:\/\/logistiikkakeskus.net\/kauppa\/tuote\/sauvaparisto-1-5v-lr14c2\/","title":{"rendered":"Sauvaparisto 1.5v (lr14\/c2)"},"content":{"rendered":"<p>Myyntiyksikk\u00f6 PKT (4 kpl)<\/p>\n<p>Longlife Power C \/ LR14 alkaliparisto<\/p>\n<ul>\n<li>Halkaisija 26,2 mm, korkeus: 50 mm\n<li>J\u00e4nnite 1.5 volttia\n<li>Kapasiteetti 8000 mAh\n<li>Paristo on ymp\u00e4rist\u00f6merkitty pohjoismaisella Joutsen-merkill\u00e4<\/ul>\n<p><i>Hakusanat: vastuullinen, paristot, C-paristot,IEC-LR14, ANSI-14A,MN14 00, AM2MX1400, BA-42, Type343, UM2, HR14, KR14, ZR14, 14D,alkaliparistot, EX-38170, 65876<\/i><\/p>\n","protected":false},"excerpt":{"rendered":"<p>Myyntiyksikk\u00f6 PKT (4 kpl) Longlife Power C \/ LR14 alkaliparisto Halkaisija 26,2 mm, korkeus: 50 mm J\u00e4nnite 1.5 volttia Kapasiteetti 8000 mAh Paristo on ymp\u00e4rist\u00f6merkitty pohjoismaisella Joutsen-merkill\u00e4 Hakusanat: vastuullinen, paristot, C-paristot,IEC-LR14, ANSI-14A,MN14 00, AM2MX1400, BA-42, Type343, UM2, HR14, KR14, ZR14, 14D,alkaliparistot, EX-38170, 65876<\/p>\n","protected":false},"featured_media":101644,"comment_status":"open","ping_status":"closed","template":"","meta":[],"product_brand":[],"product_cat":[3252],"product_tag":[],"class_list":{"0":"post-67244","1":"product","2":"type-product","3":"status-publish","4":"has-post-thumbnail","6":"product_cat-it-toimisto-sahkolaitteet-ja-tarv-sahkolaitteet-ja-tarvikkeet-paristot-ja-akut","8":"first","9":"instock","10":"shipping-taxable","11":"purchasable","12":"product-type-simple"},"_links":{"self":[{"href":"https:\/\/logistiikkakeskus.net\/kauppa\/wp-json\/wp\/v2\/product\/67244","targetHints":{"allow":["GET"]}}],"collection":[{"href":"https:\/\/logistiikkakeskus.net\/kauppa\/wp-json\/wp\/v2\/product"}],"about":[{"href":"https:\/\/logistiikkakeskus.net\/kauppa\/wp-json\/wp\/v2\/types\/product"}],"replies":[{"embeddable":true,"href":"https:\/\/logistiikkakeskus.net\/kauppa\/wp-json\/wp\/v2\/comments?post=67244"}],"wp:featuredmedia":[{"embeddable":true,"href":"https:\/\/logistiikkakeskus.net\/kauppa\/wp-json\/wp\/v2\/media\/101644"}],"wp:attachment":[{"href":"https:\/\/logistiikkakeskus.net\/kauppa\/wp-json\/wp\/v2\/media?parent=67244"}],"wp:term":[{"taxonomy":"product_brand","embeddable":true,"href":"https:\/\/logistiikkakeskus.net\/kauppa\/wp-json\/wp\/v2\/product_brand?post=67244"},{"taxonomy":"product_cat","embeddable":true,"href":"https:\/\/logistiikkakeskus.net\/kauppa\/wp-json\/wp\/v2\/product_cat?post=67244"},{"taxonomy":"product_tag","embeddable":true,"href":"https:\/\/logistiikkakeskus.net\/kauppa\/wp-json\/wp\/v2\/product_tag?post=67244"}],"curies":[{"name":"wp","href":"https:\/\/api.w.org\/{rel}","templated":true}]}}