{"id":67177,"date":"2022-12-01T08:53:10","date_gmt":"2022-12-01T08:53:10","guid":{"rendered":"https:\/\/logistiikkakeskus.net\/kauppa\/tuote\/ulkoinen-dvd-asema-polttava\/"},"modified":"2026-01-20T09:14:55","modified_gmt":"2026-01-20T07:14:55","slug":"ulkoinen-dvd-asema-polttava","status":"publish","type":"product","link":"https:\/\/logistiikkakeskus.net\/kauppa\/tuote\/ulkoinen-dvd-asema-polttava\/","title":{"rendered":"Ulkoinen dvd-asema (polttava)"},"content":{"rendered":"<p>Sandberg ulkoinen DVD\/CD-asema  Lis\u00e4tiedot: Sandberg USB Mini DVD Burner-aseman avulla voit polttaa ja lukea CD- ja DVD-ROM-levyj\u00e4. T\u00e4m\u00e4 asemat\u00e4ydent\u00e4\u00e4 erinomaisesti tietokonetta, jossa ei ole polttavaa CD-\/DVD-ROM-asemaa. Asema saa virran tietokoneen USB-portista, joten voitk\u00e4ytt\u00e4\u00e4 sit\u00e4 myLyhyt selite:  Sandberg ulkoinen DVD\/CD-asema.Myyntier\u00e4:1 KPL. Valmistaja\/valmistuttaja: SANDBERG<\/p>\n","protected":false},"excerpt":{"rendered":"<p>Sandberg ulkoinen DVD\/CD-asema Lis\u00e4tiedot: Sandberg USB Mini DVD Burner-aseman avulla voit polttaa ja lukea CD- ja DVD-ROM-levyj\u00e4. T\u00e4m\u00e4 asemat\u00e4ydent\u00e4\u00e4 erinomaisesti tietokonetta, jossa ei ole polttavaa CD-\/DVD-ROM-asemaa. Asema saa virran tietokoneen USB-portista, joten voitk\u00e4ytt\u00e4\u00e4 sit\u00e4 myLyhyt selite: Sandberg ulkoinen DVD\/CD-asema.Myyntier\u00e4:1 KPL. Valmistaja\/valmistuttaja: SANDBERG<\/p>\n","protected":false},"featured_media":101616,"comment_status":"open","ping_status":"closed","template":"","meta":[],"product_brand":[],"product_cat":[3249],"product_tag":[],"class_list":{"0":"post-67177","1":"product","2":"type-product","3":"status-publish","4":"has-post-thumbnail","6":"product_cat-it-toimisto-sahkolaitteet-ja-tarv-it-tarvikkeet-tietokoneiden-oheislaitteet","8":"first","9":"instock","10":"shipping-taxable","11":"purchasable","12":"product-type-simple"},"_links":{"self":[{"href":"https:\/\/logistiikkakeskus.net\/kauppa\/wp-json\/wp\/v2\/product\/67177","targetHints":{"allow":["GET"]}}],"collection":[{"href":"https:\/\/logistiikkakeskus.net\/kauppa\/wp-json\/wp\/v2\/product"}],"about":[{"href":"https:\/\/logistiikkakeskus.net\/kauppa\/wp-json\/wp\/v2\/types\/product"}],"replies":[{"embeddable":true,"href":"https:\/\/logistiikkakeskus.net\/kauppa\/wp-json\/wp\/v2\/comments?post=67177"}],"wp:featuredmedia":[{"embeddable":true,"href":"https:\/\/logistiikkakeskus.net\/kauppa\/wp-json\/wp\/v2\/media\/101616"}],"wp:attachment":[{"href":"https:\/\/logistiikkakeskus.net\/kauppa\/wp-json\/wp\/v2\/media?parent=67177"}],"wp:term":[{"taxonomy":"product_brand","embeddable":true,"href":"https:\/\/logistiikkakeskus.net\/kauppa\/wp-json\/wp\/v2\/product_brand?post=67177"},{"taxonomy":"product_cat","embeddable":true,"href":"https:\/\/logistiikkakeskus.net\/kauppa\/wp-json\/wp\/v2\/product_cat?post=67177"},{"taxonomy":"product_tag","embeddable":true,"href":"https:\/\/logistiikkakeskus.net\/kauppa\/wp-json\/wp\/v2\/product_tag?post=67177"}],"curies":[{"name":"wp","href":"https:\/\/api.w.org\/{rel}","templated":true}]}}