{"id":67085,"date":"2022-12-01T08:52:42","date_gmt":"2022-12-01T08:52:42","guid":{"rendered":"https:\/\/logistiikkakeskus.net\/kauppa\/tuote\/audiokaapeli-3-5mm-3-5mm-5-metria\/"},"modified":"2025-10-15T10:14:06","modified_gmt":"2025-10-15T07:14:06","slug":"audiokaapeli-3-5mm-3-5mm-5-metria","status":"publish","type":"product","link":"https:\/\/logistiikkakeskus.net\/kauppa\/tuote\/audiokaapeli-3-5mm-3-5mm-5-metria\/","title":{"rendered":"Audiokaapeli (3.5mm &#8211; 3.5mm) 5 metri\u00e4"},"content":{"rendered":"<p>Stereokaapeli 3.5mm (M\/M), 5 metri\u00e4<\/p>\n<p>Stereo-audiojohto 3.5mm liittimill\u00e4 analogisen audiosignaalinsiirtoon<\/p>\n<ul>\n<li>Liit\u00e4nt\u00e4 A: 3.5 mm Uros\n<li>Liit\u00e4nt\u00e4 B: 3.5 mm Uros<\/ul>\n<p><i>Hakusanat: KASKO-ITC, ATK-tarvikkeet, stereot,kaapelit,audiokaapelit<\/i><\/p>\n","protected":false},"excerpt":{"rendered":"<p>Stereokaapeli 3.5mm (M\/M), 5 metri\u00e4 Stereo-audiojohto 3.5mm liittimill\u00e4 analogisen audiosignaalinsiirtoon Liit\u00e4nt\u00e4 A: 3.5 mm Uros Liit\u00e4nt\u00e4 B: 3.5 mm Uros Hakusanat: KASKO-ITC, ATK-tarvikkeet, stereot,kaapelit,audiokaapelit<\/p>\n","protected":false},"featured_media":0,"comment_status":"open","ping_status":"closed","template":"","meta":[],"product_brand":[],"product_cat":[3247],"product_tag":[],"class_list":{"0":"post-67085","1":"product","2":"type-product","3":"status-publish","5":"product_cat-it-toimisto-sahkolaitteet-ja-tarv-it-tarvikkeet-muut-it-tarvikkeet","7":"first","8":"instock","9":"shipping-taxable","10":"purchasable","11":"product-type-simple"},"_links":{"self":[{"href":"https:\/\/logistiikkakeskus.net\/kauppa\/wp-json\/wp\/v2\/product\/67085","targetHints":{"allow":["GET"]}}],"collection":[{"href":"https:\/\/logistiikkakeskus.net\/kauppa\/wp-json\/wp\/v2\/product"}],"about":[{"href":"https:\/\/logistiikkakeskus.net\/kauppa\/wp-json\/wp\/v2\/types\/product"}],"replies":[{"embeddable":true,"href":"https:\/\/logistiikkakeskus.net\/kauppa\/wp-json\/wp\/v2\/comments?post=67085"}],"wp:attachment":[{"href":"https:\/\/logistiikkakeskus.net\/kauppa\/wp-json\/wp\/v2\/media?parent=67085"}],"wp:term":[{"taxonomy":"product_brand","embeddable":true,"href":"https:\/\/logistiikkakeskus.net\/kauppa\/wp-json\/wp\/v2\/product_brand?post=67085"},{"taxonomy":"product_cat","embeddable":true,"href":"https:\/\/logistiikkakeskus.net\/kauppa\/wp-json\/wp\/v2\/product_cat?post=67085"},{"taxonomy":"product_tag","embeddable":true,"href":"https:\/\/logistiikkakeskus.net\/kauppa\/wp-json\/wp\/v2\/product_tag?post=67085"}],"curies":[{"name":"wp","href":"https:\/\/api.w.org\/{rel}","templated":true}]}}