{"id":66672,"date":"2022-12-01T08:50:30","date_gmt":"2022-12-01T08:50:30","guid":{"rendered":"https:\/\/logistiikkakeskus.net\/kauppa\/tuote\/cirafon-laptop-slim-sleeve-15-6-black\/"},"modified":"2026-01-20T09:14:44","modified_gmt":"2026-01-20T07:14:44","slug":"cirafon-laptop-slim-sleeve-15-6-black","status":"publish","type":"product","link":"https:\/\/logistiikkakeskus.net\/kauppa\/tuote\/cirafon-laptop-slim-sleeve-15-6-black\/","title":{"rendered":"Targus City Gear Laptop Sleeve 15.6&#8243;"},"content":{"rendered":"<p>Edullinen ja kest\u00e4v\u00e4 kannettavan tietokoneen suojatasku, jossamy\u00f6sk\u00e4tev\u00e4 etutasku, johon voit s\u00e4ilytt\u00e4\u00e4 tarvikkeita. Pehmustettusis\u00e4puoli. Yhteensopiva 15.6&#8243; n\u00e4yt\u00f6ll\u00e4 varustettujen kannettavientietokoneiden ja 2-in-1 laitteiden kanssa.<\/p>\n","protected":false},"excerpt":{"rendered":"<p>Edullinen ja kest\u00e4v\u00e4 kannettavan tietokoneen suojatasku, jossamy\u00f6sk\u00e4tev\u00e4 etutasku, johon voit s\u00e4ilytt\u00e4\u00e4 tarvikkeita. Pehmustettusis\u00e4puoli. Yhteensopiva 15.6&#8243; n\u00e4yt\u00f6ll\u00e4 varustettujen kannettavientietokoneiden ja 2-in-1 laitteiden kanssa.<\/p>\n","protected":false},"featured_media":101489,"comment_status":"open","ping_status":"closed","template":"","meta":[],"product_brand":[],"product_cat":[3247],"product_tag":[],"class_list":{"0":"post-66672","1":"product","2":"type-product","3":"status-publish","4":"has-post-thumbnail","6":"product_cat-it-toimisto-sahkolaitteet-ja-tarv-it-tarvikkeet-muut-it-tarvikkeet","8":"first","9":"instock","10":"shipping-taxable","11":"purchasable","12":"product-type-simple"},"_links":{"self":[{"href":"https:\/\/logistiikkakeskus.net\/kauppa\/wp-json\/wp\/v2\/product\/66672","targetHints":{"allow":["GET"]}}],"collection":[{"href":"https:\/\/logistiikkakeskus.net\/kauppa\/wp-json\/wp\/v2\/product"}],"about":[{"href":"https:\/\/logistiikkakeskus.net\/kauppa\/wp-json\/wp\/v2\/types\/product"}],"replies":[{"embeddable":true,"href":"https:\/\/logistiikkakeskus.net\/kauppa\/wp-json\/wp\/v2\/comments?post=66672"}],"wp:featuredmedia":[{"embeddable":true,"href":"https:\/\/logistiikkakeskus.net\/kauppa\/wp-json\/wp\/v2\/media\/101489"}],"wp:attachment":[{"href":"https:\/\/logistiikkakeskus.net\/kauppa\/wp-json\/wp\/v2\/media?parent=66672"}],"wp:term":[{"taxonomy":"product_brand","embeddable":true,"href":"https:\/\/logistiikkakeskus.net\/kauppa\/wp-json\/wp\/v2\/product_brand?post=66672"},{"taxonomy":"product_cat","embeddable":true,"href":"https:\/\/logistiikkakeskus.net\/kauppa\/wp-json\/wp\/v2\/product_cat?post=66672"},{"taxonomy":"product_tag","embeddable":true,"href":"https:\/\/logistiikkakeskus.net\/kauppa\/wp-json\/wp\/v2\/product_tag?post=66672"}],"curies":[{"name":"wp","href":"https:\/\/api.w.org\/{rel}","templated":true}]}}