{"id":66662,"date":"2022-12-01T08:50:27","date_gmt":"2022-12-01T08:50:27","guid":{"rendered":"https:\/\/logistiikkakeskus.net\/kauppa\/tuote\/cirafon-laptop-bag-only-15-6\/"},"modified":"2026-01-20T09:14:44","modified_gmt":"2026-01-20T07:14:44","slug":"cirafon-laptop-bag-only-15-6","status":"publish","type":"product","link":"https:\/\/logistiikkakeskus.net\/kauppa\/tuote\/cirafon-laptop-bag-only-15-6\/","title":{"rendered":"LENOVO ThinkPad Basic 15.6&#8243; Topload Case"},"content":{"rendered":"<p>Yksinkertainen ja k\u00e4yt\u00e4nn\u00f6llinen, polyesterist\u00e4 valmistettutietokonelaukku sopii 15.6 tuuman tietokoneille. Laukussa on suuri osiotietokoneellesi ja oma osio lis\u00e4tarvikkeille.S\u00e4\u00e4dett\u00e4v\u00e4 olkahihna. V\u00e4ri: musta.<\/p>\n","protected":false},"excerpt":{"rendered":"<p>Yksinkertainen ja k\u00e4yt\u00e4nn\u00f6llinen, polyesterist\u00e4 valmistettutietokonelaukku sopii 15.6 tuuman tietokoneille. Laukussa on suuri osiotietokoneellesi ja oma osio lis\u00e4tarvikkeille.S\u00e4\u00e4dett\u00e4v\u00e4 olkahihna. V\u00e4ri: musta.<\/p>\n","protected":false},"featured_media":101485,"comment_status":"open","ping_status":"closed","template":"","meta":[],"product_brand":[],"product_cat":[3247],"product_tag":[],"class_list":{"0":"post-66662","1":"product","2":"type-product","3":"status-publish","4":"has-post-thumbnail","6":"product_cat-it-toimisto-sahkolaitteet-ja-tarv-it-tarvikkeet-muut-it-tarvikkeet","8":"first","9":"instock","10":"shipping-taxable","11":"purchasable","12":"product-type-simple"},"_links":{"self":[{"href":"https:\/\/logistiikkakeskus.net\/kauppa\/wp-json\/wp\/v2\/product\/66662","targetHints":{"allow":["GET"]}}],"collection":[{"href":"https:\/\/logistiikkakeskus.net\/kauppa\/wp-json\/wp\/v2\/product"}],"about":[{"href":"https:\/\/logistiikkakeskus.net\/kauppa\/wp-json\/wp\/v2\/types\/product"}],"replies":[{"embeddable":true,"href":"https:\/\/logistiikkakeskus.net\/kauppa\/wp-json\/wp\/v2\/comments?post=66662"}],"wp:featuredmedia":[{"embeddable":true,"href":"https:\/\/logistiikkakeskus.net\/kauppa\/wp-json\/wp\/v2\/media\/101485"}],"wp:attachment":[{"href":"https:\/\/logistiikkakeskus.net\/kauppa\/wp-json\/wp\/v2\/media?parent=66662"}],"wp:term":[{"taxonomy":"product_brand","embeddable":true,"href":"https:\/\/logistiikkakeskus.net\/kauppa\/wp-json\/wp\/v2\/product_brand?post=66662"},{"taxonomy":"product_cat","embeddable":true,"href":"https:\/\/logistiikkakeskus.net\/kauppa\/wp-json\/wp\/v2\/product_cat?post=66662"},{"taxonomy":"product_tag","embeddable":true,"href":"https:\/\/logistiikkakeskus.net\/kauppa\/wp-json\/wp\/v2\/product_tag?post=66662"}],"curies":[{"name":"wp","href":"https:\/\/api.w.org\/{rel}","templated":true}]}}