{"id":66587,"date":"2022-12-01T08:50:06","date_gmt":"2022-12-01T08:50:06","guid":{"rendered":"https:\/\/logistiikkakeskus.net\/kauppa\/tuote\/hukkavarisailio-lexmark-cs820cx8xx\/"},"modified":"2026-01-20T09:14:43","modified_gmt":"2026-01-20T07:14:43","slug":"hukkavarisailio-lexmark-cs820cx8xx","status":"publish","type":"product","link":"https:\/\/logistiikkakeskus.net\/kauppa\/tuote\/hukkavarisailio-lexmark-cs820cx8xx\/","title":{"rendered":"Hukkav\u00e4ris\u00e4ili\u00f6 Lexmark CS820\/CX8xx"},"content":{"rendered":"<h2>Lexmark CS820\/CX8xx -hukkav\u00e4ris\u00e4ili\u00f6, 72K0W00 (115000 s.)<\/h2>\n<p>Sopii seuraaviin laitteisiin:<\/p>\n<ul>\n<li>CS820de\n<li>CS820dte\n<li>CS820dtfe\n<li>CS827de\n<li>CX820de\n<li>CX820dtfe\n<li>CX825de\n<li>CX825dte\n<li>CX825dtfe\n<li>CX827de\n<li>CX860de\n<li>CX860dte\n<li>CX860dtfe<\/ul>\n<p>Toimittajan tuotenro: 72K0W00 RCK Finland Oy<br \/><i>Hakusanat: Tulostintarvikkeet, hukkav\u00e4ri, CS820, CX820, CX827,CX825,CX827,CX860<\/i><\/p>\n","protected":false},"excerpt":{"rendered":"<p>Lexmark CS820\/CX8xx -hukkav\u00e4ris\u00e4ili\u00f6, 72K0W00 (115000 s.) Sopii seuraaviin laitteisiin: CS820de CS820dte CS820dtfe CS827de CX820de CX820dtfe CX825de CX825dte CX825dtfe CX827de CX860de CX860dte CX860dtfe Toimittajan tuotenro: 72K0W00 RCK Finland OyHakusanat: Tulostintarvikkeet, hukkav\u00e4ri, CS820, CX820, CX827,CX825,CX827,CX860<\/p>\n","protected":false},"featured_media":101467,"comment_status":"open","ping_status":"closed","template":"","meta":[],"product_brand":[],"product_cat":[3244],"product_tag":[],"class_list":{"0":"post-66587","1":"product","2":"type-product","3":"status-publish","4":"has-post-thumbnail","6":"product_cat-it-toimisto-sahkolaitteet-ja-tarv-tulostustarvikkeet-laserkasetit-lexmark","8":"first","9":"instock","10":"shipping-taxable","11":"purchasable","12":"product-type-simple"},"_links":{"self":[{"href":"https:\/\/logistiikkakeskus.net\/kauppa\/wp-json\/wp\/v2\/product\/66587","targetHints":{"allow":["GET"]}}],"collection":[{"href":"https:\/\/logistiikkakeskus.net\/kauppa\/wp-json\/wp\/v2\/product"}],"about":[{"href":"https:\/\/logistiikkakeskus.net\/kauppa\/wp-json\/wp\/v2\/types\/product"}],"replies":[{"embeddable":true,"href":"https:\/\/logistiikkakeskus.net\/kauppa\/wp-json\/wp\/v2\/comments?post=66587"}],"wp:featuredmedia":[{"embeddable":true,"href":"https:\/\/logistiikkakeskus.net\/kauppa\/wp-json\/wp\/v2\/media\/101467"}],"wp:attachment":[{"href":"https:\/\/logistiikkakeskus.net\/kauppa\/wp-json\/wp\/v2\/media?parent=66587"}],"wp:term":[{"taxonomy":"product_brand","embeddable":true,"href":"https:\/\/logistiikkakeskus.net\/kauppa\/wp-json\/wp\/v2\/product_brand?post=66587"},{"taxonomy":"product_cat","embeddable":true,"href":"https:\/\/logistiikkakeskus.net\/kauppa\/wp-json\/wp\/v2\/product_cat?post=66587"},{"taxonomy":"product_tag","embeddable":true,"href":"https:\/\/logistiikkakeskus.net\/kauppa\/wp-json\/wp\/v2\/product_tag?post=66587"}],"curies":[{"name":"wp","href":"https:\/\/api.w.org\/{rel}","templated":true}]}}