{"id":66559,"date":"2022-12-01T08:49:57","date_gmt":"2022-12-01T08:49:57","guid":{"rendered":"https:\/\/logistiikkakeskus.net\/kauppa\/tuote\/hukkavarisailio-lexmark-c540x75g\/"},"modified":"2026-01-20T09:14:42","modified_gmt":"2026-01-20T07:14:42","slug":"hukkavarisailio-lexmark-c540x75g","status":"publish","type":"product","link":"https:\/\/logistiikkakeskus.net\/kauppa\/tuote\/hukkavarisailio-lexmark-c540x75g\/","title":{"rendered":"Hukkav\u00e4ris\u00e4ili\u00f6 Lexmark C540X75G"},"content":{"rendered":"<h2>Hukkav\u00e4ris\u00e4ili\u00f6 Lexmark C540X75G (36k)<\/h2>\n<p>S\u00e4ili\u00f6n oletettu kestoaika n. 36000 sivua.<\/p>\n<p><b>Sopii seuraaviin laitteisiin:<\/b><\/p>\n<ul>\n<li>C2132\n<li>C540\n<li>C543\n<li>C544\n<li>C546\n<li>CS310\n<li>CS317\n<li>CS410\n<li>CS510\n<li>CS517\n<li>CX310\n<li>CX317\n<li>CX410\n<li>CX417\n<li>CX510\n<li>CX517\n<li>Optra C 540\n<li>Optra C 543\n<li>Optra C 544\n<li>Optra C 546\n<li>X543\n<li>X544\n<li>X546\n<li>X548\n<li>XC2100\n<li>XC2130\n<li>XC2132<\/ul>\n<p>Toimittajan tuotenro: C540X75G<br \/><i>hakusanat:Tulostintarvikkeet, hukkav\u00e4ris\u00e4ili\u00f6<\/i><\/p>\n","protected":false},"excerpt":{"rendered":"<p>Hukkav\u00e4ris\u00e4ili\u00f6 Lexmark C540X75G (36k) S\u00e4ili\u00f6n oletettu kestoaika n. 36000 sivua. Sopii seuraaviin laitteisiin: C2132 C540 C543 C544 C546 CS310 CS317 CS410 CS510 CS517 CX310 CX317 CX410 CX417 CX510 CX517 Optra C 540 Optra C 543 Optra C 544 Optra C 546 X543 X544 X546 X548 XC2100 XC2130 XC2132 Toimittajan tuotenro: C540X75Ghakusanat:Tulostintarvikkeet, hukkav\u00e4ris\u00e4ili\u00f6<\/p>\n","protected":false},"featured_media":101461,"comment_status":"open","ping_status":"closed","template":"","meta":[],"product_brand":[],"product_cat":[3244],"product_tag":[],"class_list":{"0":"post-66559","1":"product","2":"type-product","3":"status-publish","4":"has-post-thumbnail","6":"product_cat-it-toimisto-sahkolaitteet-ja-tarv-tulostustarvikkeet-laserkasetit-lexmark","8":"first","9":"instock","10":"shipping-taxable","11":"purchasable","12":"product-type-simple"},"_links":{"self":[{"href":"https:\/\/logistiikkakeskus.net\/kauppa\/wp-json\/wp\/v2\/product\/66559","targetHints":{"allow":["GET"]}}],"collection":[{"href":"https:\/\/logistiikkakeskus.net\/kauppa\/wp-json\/wp\/v2\/product"}],"about":[{"href":"https:\/\/logistiikkakeskus.net\/kauppa\/wp-json\/wp\/v2\/types\/product"}],"replies":[{"embeddable":true,"href":"https:\/\/logistiikkakeskus.net\/kauppa\/wp-json\/wp\/v2\/comments?post=66559"}],"wp:featuredmedia":[{"embeddable":true,"href":"https:\/\/logistiikkakeskus.net\/kauppa\/wp-json\/wp\/v2\/media\/101461"}],"wp:attachment":[{"href":"https:\/\/logistiikkakeskus.net\/kauppa\/wp-json\/wp\/v2\/media?parent=66559"}],"wp:term":[{"taxonomy":"product_brand","embeddable":true,"href":"https:\/\/logistiikkakeskus.net\/kauppa\/wp-json\/wp\/v2\/product_brand?post=66559"},{"taxonomy":"product_cat","embeddable":true,"href":"https:\/\/logistiikkakeskus.net\/kauppa\/wp-json\/wp\/v2\/product_cat?post=66559"},{"taxonomy":"product_tag","embeddable":true,"href":"https:\/\/logistiikkakeskus.net\/kauppa\/wp-json\/wp\/v2\/product_tag?post=66559"}],"curies":[{"name":"wp","href":"https:\/\/api.w.org\/{rel}","templated":true}]}}