{"id":66457,"date":"2022-12-01T08:49:25","date_gmt":"2022-12-01T08:49:25","guid":{"rendered":"https:\/\/logistiikkakeskus.net\/kauppa\/tuote\/laserkasetti-hp-cf543x-magenta\/"},"modified":"2026-01-20T09:14:38","modified_gmt":"2026-01-20T07:14:38","slug":"laserkasetti-hp-cf543x-magenta","status":"publish","type":"product","link":"https:\/\/logistiikkakeskus.net\/kauppa\/tuote\/laserkasetti-hp-cf543x-magenta\/","title":{"rendered":"Laserkasetti HP CF543X, magenta"},"content":{"rendered":"<h2>Laserkasetti HP CF543X (2,5k), MAGENTA<\/h2>\n<p>Alkuper\u00e4inenlaserv\u00e4rikasetti, joka antaa korkealaatuisen tulostusj\u00e4ljen.Laserkasetti omaa suuren tulostuskapasiteetin &#8211; t\u00e4ll\u00e4 tulostat2500 sivua 5% peitolla<\/p>\n<ul><b>Yhteensopivuus:<\/b><\/p>\n<li>Hp Color Laserjet Pro MFP M 281 FDW\n<li>HpColor Laserjet Pro M254 DW\n<li>Hp Color Laserjet Pro MFP M 280 NW\n<li>Hp ColorLaserjet ProMFP M 281 FDN\n<li>Hp Color Laserjet Pro MFP M 281\n<li>Hp ColorLaserjetPro M 254 NW\n<li>Hp Color Laserjet Pro M 254\n<li>Hp ColorLaserjet Pro MFP M 280<\/ul>\n<p><i><br \/>hakusanat: Tulostintarvikkeet,tulostinkasetti, 203X, M281, Uutuus-Huhtikuu<\/i><\/p>\n","protected":false},"excerpt":{"rendered":"<p>Laserkasetti HP CF543X (2,5k), MAGENTA Alkuper\u00e4inenlaserv\u00e4rikasetti, joka antaa korkealaatuisen tulostusj\u00e4ljen.Laserkasetti omaa suuren tulostuskapasiteetin &#8211; t\u00e4ll\u00e4 tulostat2500 sivua 5% peitolla Yhteensopivuus: Hp Color Laserjet Pro MFP M 281 FDW HpColor Laserjet Pro M254 DW Hp Color Laserjet Pro MFP M 280 NW Hp ColorLaserjet ProMFP M 281 FDN Hp Color Laserjet Pro MFP M 281 Hp [&hellip;]<\/p>\n","protected":false},"featured_media":101418,"comment_status":"open","ping_status":"closed","template":"","meta":[],"product_brand":[],"product_cat":[3243],"product_tag":[],"class_list":{"0":"post-66457","1":"product","2":"type-product","3":"status-publish","4":"has-post-thumbnail","6":"product_cat-it-toimisto-sahkolaitteet-ja-tarv-tulostustarvikkeet-laserkasetit-hp","8":"first","9":"instock","10":"shipping-taxable","11":"purchasable","12":"product-type-simple"},"_links":{"self":[{"href":"https:\/\/logistiikkakeskus.net\/kauppa\/wp-json\/wp\/v2\/product\/66457","targetHints":{"allow":["GET"]}}],"collection":[{"href":"https:\/\/logistiikkakeskus.net\/kauppa\/wp-json\/wp\/v2\/product"}],"about":[{"href":"https:\/\/logistiikkakeskus.net\/kauppa\/wp-json\/wp\/v2\/types\/product"}],"replies":[{"embeddable":true,"href":"https:\/\/logistiikkakeskus.net\/kauppa\/wp-json\/wp\/v2\/comments?post=66457"}],"wp:featuredmedia":[{"embeddable":true,"href":"https:\/\/logistiikkakeskus.net\/kauppa\/wp-json\/wp\/v2\/media\/101418"}],"wp:attachment":[{"href":"https:\/\/logistiikkakeskus.net\/kauppa\/wp-json\/wp\/v2\/media?parent=66457"}],"wp:term":[{"taxonomy":"product_brand","embeddable":true,"href":"https:\/\/logistiikkakeskus.net\/kauppa\/wp-json\/wp\/v2\/product_brand?post=66457"},{"taxonomy":"product_cat","embeddable":true,"href":"https:\/\/logistiikkakeskus.net\/kauppa\/wp-json\/wp\/v2\/product_cat?post=66457"},{"taxonomy":"product_tag","embeddable":true,"href":"https:\/\/logistiikkakeskus.net\/kauppa\/wp-json\/wp\/v2\/product_tag?post=66457"}],"curies":[{"name":"wp","href":"https:\/\/api.w.org\/{rel}","templated":true}]}}