{"id":65616,"date":"2022-12-01T08:45:21","date_gmt":"2022-12-01T08:45:21","guid":{"rendered":"https:\/\/logistiikkakeskus.net\/kauppa\/tuote\/puinen-kahvilusikka-kertakaytto\/"},"modified":"2026-01-20T09:13:58","modified_gmt":"2026-01-20T07:13:58","slug":"puinen-kahvilusikka-kertakaytto","status":"publish","type":"product","link":"https:\/\/logistiikkakeskus.net\/kauppa\/tuote\/puinen-kahvilusikka-kertakaytto\/","title":{"rendered":"Puinen kahvilusikka, kertak\u00e4ytt\u00f6"},"content":{"rendered":"<p>Myyntiyksikk\u00f6 PKT (100 kpl)<\/p>\n<h2>Kertak\u00e4ytt\u00f6inen kahvilusikka,puinen<\/h2>\n<p>Puusta valmistettu, kertak\u00e4ytt\u00f6inen kahvilusikka.<\/p>\n<p>Korvaa tuotteen <b>19940 Muovinen kahvilusikka<\/b><\/p>\n<\/p>\n<p><i>Hakusanat:Kertak\u00e4ytt\u00f6astiat, lusikka,kertak\u00e4ytt\u00f6lusikka, takeaway, aterimet,kertak\u00e4ytt\u00f6aterimet, kertak\u00e4ytt\u00f6lusikat, Vastuullinen kompostoituva<\/i><\/p>\n","protected":false},"excerpt":{"rendered":"<p>Myyntiyksikk\u00f6 PKT (100 kpl) Kertak\u00e4ytt\u00f6inen kahvilusikka,puinen Puusta valmistettu, kertak\u00e4ytt\u00f6inen kahvilusikka. Korvaa tuotteen 19940 Muovinen kahvilusikka Hakusanat:Kertak\u00e4ytt\u00f6astiat, lusikka,kertak\u00e4ytt\u00f6lusikka, takeaway, aterimet,kertak\u00e4ytt\u00f6aterimet, kertak\u00e4ytt\u00f6lusikat, Vastuullinen kompostoituva<\/p>\n","protected":false},"featured_media":100921,"comment_status":"open","ping_status":"closed","template":"","meta":[],"product_brand":[],"product_cat":[3194],"product_tag":[],"class_list":{"0":"post-65616","1":"product","2":"type-product","3":"status-publish","4":"has-post-thumbnail","6":"product_cat-talouspaperit-tavarat-ja-tarvikkeet-kertakayttoastiat-aterimet","8":"first","9":"instock","10":"shipping-taxable","11":"purchasable","12":"product-type-simple"},"_links":{"self":[{"href":"https:\/\/logistiikkakeskus.net\/kauppa\/wp-json\/wp\/v2\/product\/65616","targetHints":{"allow":["GET"]}}],"collection":[{"href":"https:\/\/logistiikkakeskus.net\/kauppa\/wp-json\/wp\/v2\/product"}],"about":[{"href":"https:\/\/logistiikkakeskus.net\/kauppa\/wp-json\/wp\/v2\/types\/product"}],"replies":[{"embeddable":true,"href":"https:\/\/logistiikkakeskus.net\/kauppa\/wp-json\/wp\/v2\/comments?post=65616"}],"wp:featuredmedia":[{"embeddable":true,"href":"https:\/\/logistiikkakeskus.net\/kauppa\/wp-json\/wp\/v2\/media\/100921"}],"wp:attachment":[{"href":"https:\/\/logistiikkakeskus.net\/kauppa\/wp-json\/wp\/v2\/media?parent=65616"}],"wp:term":[{"taxonomy":"product_brand","embeddable":true,"href":"https:\/\/logistiikkakeskus.net\/kauppa\/wp-json\/wp\/v2\/product_brand?post=65616"},{"taxonomy":"product_cat","embeddable":true,"href":"https:\/\/logistiikkakeskus.net\/kauppa\/wp-json\/wp\/v2\/product_cat?post=65616"},{"taxonomy":"product_tag","embeddable":true,"href":"https:\/\/logistiikkakeskus.net\/kauppa\/wp-json\/wp\/v2\/product_tag?post=65616"}],"curies":[{"name":"wp","href":"https:\/\/api.w.org\/{rel}","templated":true}]}}