{"id":65416,"date":"2022-12-01T08:44:23","date_gmt":"2022-12-01T08:44:23","guid":{"rendered":"https:\/\/logistiikkakeskus.net\/kauppa\/tuote\/puhdistusaine-07l-teraspinnat\/"},"modified":"2026-01-20T09:13:47","modified_gmt":"2026-01-20T07:13:47","slug":"puhdistusaine-07l-teraspinnat","status":"publish","type":"product","link":"https:\/\/logistiikkakeskus.net\/kauppa\/tuote\/puhdistusaine-07l-teraspinnat\/","title":{"rendered":"Puhdistusaine 0,7l ter\u00e4spinnat"},"content":{"rendered":"<p>Myyntiyksikk\u00f6 PLO, ryhm\u00e4pakkaus 6 plo\/ltk<\/p>\n<h2>Ter\u00e4spintojen puhdistusaine Suma Inox (D7.1) 0,75L<\/h2>\n<p>Ter\u00e4spinnoille tarkoitettu puhdistus- ja hoitoainesuihkepullossa,joka sis\u00e4lt\u00e4\u00e4 suojaavia erikois\u00f6ljyj\u00e4.<\/p>\n<ul>\n<li>Hoitoaine myyd\u00e4\u00e4n k\u00e4tev\u00e4ss\u00e4 sumutinpullossa\n<li>Palauttaa kiillon ja suojaa ter\u00e4spintoja\n<li>Poistaa tahrat ja j\u00e4ljet\n<li>Ehk\u00e4isee sormenj\u00e4lkien n\u00e4kymist\u00e4 pinnoilla\n<li>K\u00e4ytt\u00f6kohteet: erilaiset ter\u00e4spinnat\n<li>pH-arvo 7,0 (k\u00e4ytt\u00f6liuos)\n<li>Ei saa k\u00e4ytt\u00e4\u00e4 ruuan kanssa kosketuksiin joutuvilla pinnoilla<\/ul>\n<p><i>Hakusanat: ter\u00e4ksenhoitoaine, ter\u00e4ksenpuhdistus,rosterihoitoain<\/i><\/p>\n","protected":false},"excerpt":{"rendered":"<p>Myyntiyksikk\u00f6 PLO, ryhm\u00e4pakkaus 6 plo\/ltk Ter\u00e4spintojen puhdistusaine Suma Inox (D7.1) 0,75L Ter\u00e4spinnoille tarkoitettu puhdistus- ja hoitoainesuihkepullossa,joka sis\u00e4lt\u00e4\u00e4 suojaavia erikois\u00f6ljyj\u00e4. Hoitoaine myyd\u00e4\u00e4n k\u00e4tev\u00e4ss\u00e4 sumutinpullossa Palauttaa kiillon ja suojaa ter\u00e4spintoja Poistaa tahrat ja j\u00e4ljet Ehk\u00e4isee sormenj\u00e4lkien n\u00e4kymist\u00e4 pinnoilla K\u00e4ytt\u00f6kohteet: erilaiset ter\u00e4spinnat pH-arvo 7,0 (k\u00e4ytt\u00f6liuos) Ei saa k\u00e4ytt\u00e4\u00e4 ruuan kanssa kosketuksiin joutuvilla pinnoilla Hakusanat: ter\u00e4ksenhoitoaine, ter\u00e4ksenpuhdistus,rosterihoitoain<\/p>\n","protected":false},"featured_media":100829,"comment_status":"open","ping_status":"closed","template":"","meta":[],"product_brand":[],"product_cat":[3169],"product_tag":[],"class_list":{"0":"post-65416","1":"product","2":"type-product","3":"status-publish","4":"has-post-thumbnail","6":"product_cat-pesu-ja-puhdistusaineet-keittioiden-puhdistusaineet-keittiopintojen-puhdistusaineet","8":"first","9":"instock","10":"shipping-taxable","11":"purchasable","12":"product-type-simple"},"_links":{"self":[{"href":"https:\/\/logistiikkakeskus.net\/kauppa\/wp-json\/wp\/v2\/product\/65416","targetHints":{"allow":["GET"]}}],"collection":[{"href":"https:\/\/logistiikkakeskus.net\/kauppa\/wp-json\/wp\/v2\/product"}],"about":[{"href":"https:\/\/logistiikkakeskus.net\/kauppa\/wp-json\/wp\/v2\/types\/product"}],"replies":[{"embeddable":true,"href":"https:\/\/logistiikkakeskus.net\/kauppa\/wp-json\/wp\/v2\/comments?post=65416"}],"wp:featuredmedia":[{"embeddable":true,"href":"https:\/\/logistiikkakeskus.net\/kauppa\/wp-json\/wp\/v2\/media\/100829"}],"wp:attachment":[{"href":"https:\/\/logistiikkakeskus.net\/kauppa\/wp-json\/wp\/v2\/media?parent=65416"}],"wp:term":[{"taxonomy":"product_brand","embeddable":true,"href":"https:\/\/logistiikkakeskus.net\/kauppa\/wp-json\/wp\/v2\/product_brand?post=65416"},{"taxonomy":"product_cat","embeddable":true,"href":"https:\/\/logistiikkakeskus.net\/kauppa\/wp-json\/wp\/v2\/product_cat?post=65416"},{"taxonomy":"product_tag","embeddable":true,"href":"https:\/\/logistiikkakeskus.net\/kauppa\/wp-json\/wp\/v2\/product_tag?post=65416"}],"curies":[{"name":"wp","href":"https:\/\/api.w.org\/{rel}","templated":true}]}}