{"id":65107,"date":"2022-12-01T08:42:52","date_gmt":"2022-12-01T08:42:52","guid":{"rendered":"https:\/\/logistiikkakeskus.net\/kauppa\/tuote\/poljinroska-astia-35l-musta\/"},"modified":"2026-01-20T09:13:33","modified_gmt":"2026-01-20T07:13:33","slug":"poljinroska-astia-35l-musta","status":"publish","type":"product","link":"https:\/\/logistiikkakeskus.net\/kauppa\/tuote\/poljinroska-astia-35l-musta\/","title":{"rendered":"Poljinroska-astia 35l, musta"},"content":{"rendered":"<h2>Poljinroska-astia Vileda Hera, tilavuus 35 litraa<\/h2>\n<p>Ihanteellinen poljinroska-astia ristikontamitaatioriskink\u00e4ytt\u00f6ymp\u00e4rist\u00f6ihin.<\/p>\n<li>Tiivis kansi pit\u00e4\u00e4 hajut kurissa\n<li>Kumitassu-alusta ja pehme\u00e4sti sulkeutuva kansi sopivathiljaisiinymp\u00e4rist\u00f6ihin\n<li>Integroitu roskapussipidin\n<li>Iso poljin toimii turvakenkien ja keng\u00e4nsuojusten kanssa\n<li>T\u00e4ytt\u00e4\u00e4 HACCP-vaatimukset, jossa k\u00e4sinkosketusta roska-astiaanonv\u00e4ltett\u00e4v\u00e4\n<li>Mitat 390 x 390 mm, korkeus 440 mm<\/ul>\n<p><i>Hakusanat: roskakorit, roskis, poljinroska-astiat,poljinroskakorit, j\u00e4teastiat,  roska-astiat, poljinroskis, roskikset ,j\u00e4te-astiat<\/i><\/p>\n","protected":false},"excerpt":{"rendered":"<p>Poljinroska-astia Vileda Hera, tilavuus 35 litraa Ihanteellinen poljinroska-astia ristikontamitaatioriskink\u00e4ytt\u00f6ymp\u00e4rist\u00f6ihin. Tiivis kansi pit\u00e4\u00e4 hajut kurissa Kumitassu-alusta ja pehme\u00e4sti sulkeutuva kansi sopivathiljaisiinymp\u00e4rist\u00f6ihin Integroitu roskapussipidin Iso poljin toimii turvakenkien ja keng\u00e4nsuojusten kanssa T\u00e4ytt\u00e4\u00e4 HACCP-vaatimukset, jossa k\u00e4sinkosketusta roska-astiaanonv\u00e4ltett\u00e4v\u00e4 Mitat 390 x 390 mm, korkeus 440 mm Hakusanat: roskakorit, roskis, poljinroska-astiat,poljinroskakorit, j\u00e4teastiat, roska-astiat, poljinroskis, roskikset ,j\u00e4te-astiat<\/p>\n","protected":false},"featured_media":100671,"comment_status":"open","ping_status":"closed","template":"","meta":[],"product_brand":[],"product_cat":[3137],"product_tag":[],"class_list":{"0":"post-65107","1":"product","2":"type-product","3":"status-publish","4":"has-post-thumbnail","6":"product_cat-siivousvalineet-ja-tarvikkeet-jateastiat-poljinkannella","8":"first","9":"instock","10":"shipping-taxable","11":"purchasable","12":"product-type-simple"},"_links":{"self":[{"href":"https:\/\/logistiikkakeskus.net\/kauppa\/wp-json\/wp\/v2\/product\/65107","targetHints":{"allow":["GET"]}}],"collection":[{"href":"https:\/\/logistiikkakeskus.net\/kauppa\/wp-json\/wp\/v2\/product"}],"about":[{"href":"https:\/\/logistiikkakeskus.net\/kauppa\/wp-json\/wp\/v2\/types\/product"}],"replies":[{"embeddable":true,"href":"https:\/\/logistiikkakeskus.net\/kauppa\/wp-json\/wp\/v2\/comments?post=65107"}],"wp:featuredmedia":[{"embeddable":true,"href":"https:\/\/logistiikkakeskus.net\/kauppa\/wp-json\/wp\/v2\/media\/100671"}],"wp:attachment":[{"href":"https:\/\/logistiikkakeskus.net\/kauppa\/wp-json\/wp\/v2\/media?parent=65107"}],"wp:term":[{"taxonomy":"product_brand","embeddable":true,"href":"https:\/\/logistiikkakeskus.net\/kauppa\/wp-json\/wp\/v2\/product_brand?post=65107"},{"taxonomy":"product_cat","embeddable":true,"href":"https:\/\/logistiikkakeskus.net\/kauppa\/wp-json\/wp\/v2\/product_cat?post=65107"},{"taxonomy":"product_tag","embeddable":true,"href":"https:\/\/logistiikkakeskus.net\/kauppa\/wp-json\/wp\/v2\/product_tag?post=65107"}],"curies":[{"name":"wp","href":"https:\/\/api.w.org\/{rel}","templated":true}]}}