{"id":65023,"date":"2022-12-01T08:42:29","date_gmt":"2022-12-01T08:42:29","guid":{"rendered":"https:\/\/logistiikkakeskus.net\/kauppa\/tuote\/teravakuivaimen-lattia-mikrokuitupyyhe\/"},"modified":"2026-01-20T09:13:31","modified_gmt":"2026-01-20T07:13:31","slug":"teravakuivaimen-lattia-mikrokuitupyyhe","status":"publish","type":"product","link":"https:\/\/logistiikkakeskus.net\/kauppa\/tuote\/teravakuivaimen-lattia-mikrokuitupyyhe\/","title":{"rendered":"Ter\u00e4v\u00e4kuivaimen lattia mikrokuitupyyhe"},"content":{"rendered":"<h2>Ter\u00e4v\u00e4kuivaimen Taski -lattiamikrokuitupyyhe 35 x 60 cm<\/h2>\n<p>Mikrokuituinen lattiapyyhe kiinnitet\u00e4\u00e4n lattiakuivaimentarranauhoihin. Soveltuu lattioiden puhdistukseen nihke\u00e4n\u00e4 ja kosteana.Materiaali: polyesteri, polyamidiPesul\u00e4mp\u00f6tila: maksimi 95, suositus 85<\/p>\n<p>Meilt\u00e4 my\u00f6s:<\/p>\n<ul>\n<li>10750 Ter\u00e4v\u00e4kuivain Vileda Swep 50 cm<\/ul>\n<p><i>Hakusanat: siivoustarvikkeet, siivousv\u00e4lineet, mopit,moppij\u00e4rjestelm\u00e4, lanka-osat<\/i><\/p>\n","protected":false},"excerpt":{"rendered":"<p>Ter\u00e4v\u00e4kuivaimen Taski -lattiamikrokuitupyyhe 35 x 60 cm Mikrokuituinen lattiapyyhe kiinnitet\u00e4\u00e4n lattiakuivaimentarranauhoihin. Soveltuu lattioiden puhdistukseen nihke\u00e4n\u00e4 ja kosteana.Materiaali: polyesteri, polyamidiPesul\u00e4mp\u00f6tila: maksimi 95, suositus 85 Meilt\u00e4 my\u00f6s: 10750 Ter\u00e4v\u00e4kuivain Vileda Swep 50 cm Hakusanat: siivoustarvikkeet, siivousv\u00e4lineet, mopit,moppij\u00e4rjestelm\u00e4, lanka-osat<\/p>\n","protected":false},"featured_media":100640,"comment_status":"open","ping_status":"closed","template":"","meta":[],"product_brand":[],"product_cat":[3127],"product_tag":[],"class_list":{"0":"post-65023","1":"product","2":"type-product","3":"status-publish","4":"has-post-thumbnail","6":"product_cat-siivousvalineet-ja-tarvikkeet-kuivaimet-lattiankuivaimet","8":"first","9":"instock","10":"shipping-taxable","11":"purchasable","12":"product-type-simple"},"_links":{"self":[{"href":"https:\/\/logistiikkakeskus.net\/kauppa\/wp-json\/wp\/v2\/product\/65023","targetHints":{"allow":["GET"]}}],"collection":[{"href":"https:\/\/logistiikkakeskus.net\/kauppa\/wp-json\/wp\/v2\/product"}],"about":[{"href":"https:\/\/logistiikkakeskus.net\/kauppa\/wp-json\/wp\/v2\/types\/product"}],"replies":[{"embeddable":true,"href":"https:\/\/logistiikkakeskus.net\/kauppa\/wp-json\/wp\/v2\/comments?post=65023"}],"wp:featuredmedia":[{"embeddable":true,"href":"https:\/\/logistiikkakeskus.net\/kauppa\/wp-json\/wp\/v2\/media\/100640"}],"wp:attachment":[{"href":"https:\/\/logistiikkakeskus.net\/kauppa\/wp-json\/wp\/v2\/media?parent=65023"}],"wp:term":[{"taxonomy":"product_brand","embeddable":true,"href":"https:\/\/logistiikkakeskus.net\/kauppa\/wp-json\/wp\/v2\/product_brand?post=65023"},{"taxonomy":"product_cat","embeddable":true,"href":"https:\/\/logistiikkakeskus.net\/kauppa\/wp-json\/wp\/v2\/product_cat?post=65023"},{"taxonomy":"product_tag","embeddable":true,"href":"https:\/\/logistiikkakeskus.net\/kauppa\/wp-json\/wp\/v2\/product_tag?post=65023"}],"curies":[{"name":"wp","href":"https:\/\/api.w.org\/{rel}","templated":true}]}}