{"id":65011,"date":"2022-12-01T08:42:26","date_gmt":"2022-12-01T08:42:26","guid":{"rendered":"https:\/\/logistiikkakeskus.net\/kauppa\/tuote\/urakumikuivain-50-cm-jm-kiinnitys-nivell\/"},"modified":"2026-01-20T09:13:30","modified_gmt":"2026-01-20T07:13:30","slug":"urakumikuivain-50-cm-jm-kiinnitys-nivell","status":"publish","type":"product","link":"https:\/\/logistiikkakeskus.net\/kauppa\/tuote\/urakumikuivain-50-cm-jm-kiinnitys-nivell\/","title":{"rendered":"Urakumikuivain 50 cm JM-kiinnitys nivell"},"content":{"rendered":"<h2>Nivelletty urakumikuivain 50 cm, JM-kiinnitys<\/h2>\n<p>Leve\u00e4 urakumikuivain, lattian, kaakeleiden ja muidentasopintojenkuivaukseen ja pyyhint\u00e4\u00e4n.<\/p>\n<ul>\n<li>Jonmaster-s\u00e4\u00e4t\u00f6varteen sopiva urakumikuivain\n<li>Kumiter\u00e4 kest\u00e4\u00e4 \u00f6ljyn ja liotteet\n<li>Rungossa on tarranauhat lattialiinan kiinnitykseen<\/ul>\n<p><i>Hakusanat: siivousv\u00e4lineet, siivoustarvikkeet,lattiakuivain,ter\u00e4v\u00e4kuivain<\/i><\/p>\n","protected":false},"excerpt":{"rendered":"<p>Nivelletty urakumikuivain 50 cm, JM-kiinnitys Leve\u00e4 urakumikuivain, lattian, kaakeleiden ja muidentasopintojenkuivaukseen ja pyyhint\u00e4\u00e4n. Jonmaster-s\u00e4\u00e4t\u00f6varteen sopiva urakumikuivain Kumiter\u00e4 kest\u00e4\u00e4 \u00f6ljyn ja liotteet Rungossa on tarranauhat lattialiinan kiinnitykseen Hakusanat: siivousv\u00e4lineet, siivoustarvikkeet,lattiakuivain,ter\u00e4v\u00e4kuivain<\/p>\n","protected":false},"featured_media":100634,"comment_status":"open","ping_status":"closed","template":"","meta":[],"product_brand":[],"product_cat":[3127],"product_tag":[],"class_list":{"0":"post-65011","1":"product","2":"type-product","3":"status-publish","4":"has-post-thumbnail","6":"product_cat-siivousvalineet-ja-tarvikkeet-kuivaimet-lattiankuivaimet","8":"first","9":"instock","10":"shipping-taxable","11":"purchasable","12":"product-type-simple"},"_links":{"self":[{"href":"https:\/\/logistiikkakeskus.net\/kauppa\/wp-json\/wp\/v2\/product\/65011","targetHints":{"allow":["GET"]}}],"collection":[{"href":"https:\/\/logistiikkakeskus.net\/kauppa\/wp-json\/wp\/v2\/product"}],"about":[{"href":"https:\/\/logistiikkakeskus.net\/kauppa\/wp-json\/wp\/v2\/types\/product"}],"replies":[{"embeddable":true,"href":"https:\/\/logistiikkakeskus.net\/kauppa\/wp-json\/wp\/v2\/comments?post=65011"}],"wp:featuredmedia":[{"embeddable":true,"href":"https:\/\/logistiikkakeskus.net\/kauppa\/wp-json\/wp\/v2\/media\/100634"}],"wp:attachment":[{"href":"https:\/\/logistiikkakeskus.net\/kauppa\/wp-json\/wp\/v2\/media?parent=65011"}],"wp:term":[{"taxonomy":"product_brand","embeddable":true,"href":"https:\/\/logistiikkakeskus.net\/kauppa\/wp-json\/wp\/v2\/product_brand?post=65011"},{"taxonomy":"product_cat","embeddable":true,"href":"https:\/\/logistiikkakeskus.net\/kauppa\/wp-json\/wp\/v2\/product_cat?post=65011"},{"taxonomy":"product_tag","embeddable":true,"href":"https:\/\/logistiikkakeskus.net\/kauppa\/wp-json\/wp\/v2\/product_tag?post=65011"}],"curies":[{"name":"wp","href":"https:\/\/api.w.org\/{rel}","templated":true}]}}